{"id":8334,"date":"2023-12-06T10:00:05","date_gmt":"2023-12-06T09:00:05","guid":{"rendered":"https:\/\/radio-aviva.com\/perpignan\/?post_type=podcast&#038;p=8334"},"modified":"2023-12-06T10:04:23","modified_gmt":"2023-12-06T09:04:23","slug":"cafe-societe-le-mois-de-leconomie-sociale-et-solidaire-dans-les-p-o","status":"publish","type":"podcast","link":"https:\/\/radio-aviva.com\/perpignan\/podcast\/cafe-societe-le-mois-de-leconomie-sociale-et-solidaire-dans-les-p-o\/","title":{"rendered":"CAFE SOCIETE &#8211;  LE MOIS DE L&rsquo;ECONOMIE SOCIALE ET SOLIDAIRE DANS LES P-O"},"content":{"rendered":"<p>Dans le cadre du mois sur l&rsquo;\u00e9conomie sociale et solidaire, Radio Aviva Perpignan \u00e0 organis\u00e9 un caf\u00e9 soci\u00e9t\u00e9 autour des enjeux que porte cette th\u00e9matique dans les Pyr\u00e9n\u00e9es-Orientales.<\/p>\n<p>Au programme, un d\u00e9bat anim\u00e9\u00a0 par Perla Danan, pr\u00e9sidente de la radio, avec comme invit\u00e9 : Laurence Faure (Sociologue de l&rsquo;UPVD), Paul Andreani (Pr\u00e9sident d&rsquo;honneur de la recyclerie d&rsquo;Elne), Fr\u00e9d\u00e9rique Roca (Directrice de l&rsquo;IRTS) et Bertrand Rodriguez (Directeur de CatEnR).<\/p>\n","protected":false},"author":337,"featured_media":8335,"template":"","tags":[],"podcastfilter":[279,164,181,143,259],"class_list":["post-8334","podcast","type-podcast","status-publish","has-post-thumbnail","hentry","podcastfilter-cafe-societe","podcastfilter-economie","podcastfilter-emploi","podcastfilter-environnement","podcastfilter-social"],"_links":{"self":[{"href":"https:\/\/radio-aviva.com\/perpignan\/wp-json\/wp\/v2\/podcast\/8334","targetHints":{"allow":["GET"]}}],"collection":[{"href":"https:\/\/radio-aviva.com\/perpignan\/wp-json\/wp\/v2\/podcast"}],"about":[{"href":"https:\/\/radio-aviva.com\/perpignan\/wp-json\/wp\/v2\/types\/podcast"}],"author":[{"embeddable":true,"href":"https:\/\/radio-aviva.com\/perpignan\/wp-json\/wp\/v2\/users\/337"}],"version-history":[{"count":0,"href":"https:\/\/radio-aviva.com\/perpignan\/wp-json\/wp\/v2\/podcast\/8334\/revisions"}],"wp:featuredmedia":[{"embeddable":true,"href":"https:\/\/radio-aviva.com\/perpignan\/wp-json\/wp\/v2\/media\/8335"}],"wp:attachment":[{"href":"https:\/\/radio-aviva.com\/perpignan\/wp-json\/wp\/v2\/media?parent=8334"}],"wp:term":[{"taxonomy":"post_tag","embeddable":true,"href":"https:\/\/radio-aviva.com\/perpignan\/wp-json\/wp\/v2\/tags?post=8334"},{"taxonomy":"podcastfilter","embeddable":true,"href":"https:\/\/radio-aviva.com\/perpignan\/wp-json\/wp\/v2\/podcastfilter?post=8334"}],"curies":[{"name":"wp","href":"https:\/\/api.w.org\/{rel}","templated":true}]}}

<p>Dans le cadre du mois sur l&rsquo;économie sociale et solidaire, Radio Aviva Perpignan à organisé un café société autour des enjeux que porte cette thématique dans les Pyrénées-Orientales.</p>
<p>Au programme, un débat animé  par Perla Danan, présidente de la radio, avec comme invité : Laurence Faure (Sociologue de l&rsquo;UPVD), Paul Andreani (Président d&rsquo;honneur de la recyclerie d&rsquo;Elne), Frédérique Roca (Directrice de l&rsquo;IRTS) et Bertrand Rodriguez (Directeur de CatEnR).</p>
