{"id":8339,"date":"2023-12-04T14:23:56","date_gmt":"2023-12-04T13:23:56","guid":{"rendered":"https:\/\/radio-aviva.com\/perpignan\/?post_type=podcast&#038;p=8339"},"modified":"2023-12-04T14:27:11","modified_gmt":"2023-12-04T13:27:11","slug":"rencontre-emploi-personnes-situation-handicap-patricia-conseillere-pole-emploi-po","status":"publish","type":"podcast","link":"https:\/\/radio-aviva.com\/perpignan\/podcast\/rencontre-emploi-personnes-situation-handicap-patricia-conseillere-pole-emploi-po\/","title":{"rendered":"RENCONTRE EMPLOI PERSONNES SITUATION HANDICAP &#8211; PATRICIA, CONSEILLERE POLE EMPLOI PO"},"content":{"rendered":"<p>La rencontre emploi pour les personnes en situation de Handicap, pr\u00e9sent\u00e9 par Patricia, conseill\u00e8re pour P\u00f4le Emploi Perpignan.<\/p>\n","protected":false},"author":337,"featured_media":0,"template":"","tags":[],"podcastfilter":[164,126,181,230],"class_list":["post-8339","podcast","type-podcast","status-publish","hentry","podcastfilter-economie","podcastfilter-education","podcastfilter-emploi","podcastfilter-handicap"],"_links":{"self":[{"href":"https:\/\/radio-aviva.com\/perpignan\/wp-json\/wp\/v2\/podcast\/8339","targetHints":{"allow":["GET"]}}],"collection":[{"href":"https:\/\/radio-aviva.com\/perpignan\/wp-json\/wp\/v2\/podcast"}],"about":[{"href":"https:\/\/radio-aviva.com\/perpignan\/wp-json\/wp\/v2\/types\/podcast"}],"author":[{"embeddable":true,"href":"https:\/\/radio-aviva.com\/perpignan\/wp-json\/wp\/v2\/users\/337"}],"version-history":[{"count":0,"href":"https:\/\/radio-aviva.com\/perpignan\/wp-json\/wp\/v2\/podcast\/8339\/revisions"}],"wp:attachment":[{"href":"https:\/\/radio-aviva.com\/perpignan\/wp-json\/wp\/v2\/media?parent=8339"}],"wp:term":[{"taxonomy":"post_tag","embeddable":true,"href":"https:\/\/radio-aviva.com\/perpignan\/wp-json\/wp\/v2\/tags?post=8339"},{"taxonomy":"podcastfilter","embeddable":true,"href":"https:\/\/radio-aviva.com\/perpignan\/wp-json\/wp\/v2\/podcastfilter?post=8339"}],"curies":[{"name":"wp","href":"https:\/\/api.w.org\/{rel}","templated":true}]}}

<p>La rencontre emploi pour les personnes en situation de Handicap, présenté par Patricia, conseillère pour Pôle Emploi Perpignan.</p>
