{"id":8349,"date":"2023-12-07T10:00:34","date_gmt":"2023-12-07T09:00:34","guid":{"rendered":"https:\/\/radio-aviva.com\/perpignan\/?post_type=podcast&#038;p=8349"},"modified":"2023-12-08T11:14:11","modified_gmt":"2023-12-08T10:14:11","slug":"le-centre-dinformation-sur-les-droits-des-femmes-et-des-familles-du-66-sandra-hernandez-directrice","status":"publish","type":"podcast","link":"https:\/\/radio-aviva.com\/perpignan\/podcast\/le-centre-dinformation-sur-les-droits-des-femmes-et-des-familles-du-66-sandra-hernandez-directrice\/","title":{"rendered":"LE CENTRE D&rsquo;INFORMATION SUR LES DROITS DES FEMMES ET DES FAMILLES DU 66 &#8211; SANDRA HERNANDEZ, DIRECTRICE"},"content":{"rendered":"<p>Le Centre d&rsquo;information sur les droits des femmes et des familles oriente, informe et accompagne les femmes et familles. Sandra Hernandez, directrice pour le d\u00e9partement des Pyr\u00e9n\u00e9es-Orientales, vient nous pr\u00e9senter la structure et ses actions.<\/p>\n","protected":false},"author":337,"featured_media":8350,"template":"","tags":[],"podcastfilter":[136,261,109],"class_list":["post-8349","podcast","type-podcast","status-publish","has-post-thumbnail","hentry","podcastfilter-egalite-hommes-femmes","podcastfilter-femmes","podcastfilter-perpignan"],"_links":{"self":[{"href":"https:\/\/radio-aviva.com\/perpignan\/wp-json\/wp\/v2\/podcast\/8349","targetHints":{"allow":["GET"]}}],"collection":[{"href":"https:\/\/radio-aviva.com\/perpignan\/wp-json\/wp\/v2\/podcast"}],"about":[{"href":"https:\/\/radio-aviva.com\/perpignan\/wp-json\/wp\/v2\/types\/podcast"}],"author":[{"embeddable":true,"href":"https:\/\/radio-aviva.com\/perpignan\/wp-json\/wp\/v2\/users\/337"}],"version-history":[{"count":0,"href":"https:\/\/radio-aviva.com\/perpignan\/wp-json\/wp\/v2\/podcast\/8349\/revisions"}],"wp:featuredmedia":[{"embeddable":true,"href":"https:\/\/radio-aviva.com\/perpignan\/wp-json\/wp\/v2\/media\/8350"}],"wp:attachment":[{"href":"https:\/\/radio-aviva.com\/perpignan\/wp-json\/wp\/v2\/media?parent=8349"}],"wp:term":[{"taxonomy":"post_tag","embeddable":true,"href":"https:\/\/radio-aviva.com\/perpignan\/wp-json\/wp\/v2\/tags?post=8349"},{"taxonomy":"podcastfilter","embeddable":true,"href":"https:\/\/radio-aviva.com\/perpignan\/wp-json\/wp\/v2\/podcastfilter?post=8349"}],"curies":[{"name":"wp","href":"https:\/\/api.w.org\/{rel}","templated":true}]}}

<p>Le Centre d&rsquo;information sur les droits des femmes et des familles oriente, informe et accompagne les femmes et familles. Sandra Hernandez, directrice pour le département des Pyrénées-Orientales, vient nous présenter la structure et ses actions.</p>
