{"id":8411,"date":"2023-12-12T07:40:23","date_gmt":"2023-12-12T06:40:23","guid":{"rendered":"https:\/\/radio-aviva.com\/perpignan\/?post_type=podcast&#038;p=8411"},"modified":"2024-02-07T17:25:16","modified_gmt":"2024-02-07T16:25:16","slug":"maison-des-associations-martin-vives-patrica-fourquet-elue-mairie-perpignan","status":"publish","type":"podcast","link":"https:\/\/radio-aviva.com\/perpignan\/podcast\/maison-des-associations-martin-vives-patrica-fourquet-elue-mairie-perpignan\/","title":{"rendered":"MAISON DES ASSOCIATIONS MARTIN VIVES &#8211; PATRICA FOURQUET, ELUE, MAIRIE PERPIGNAN"},"content":{"rendered":"<p>Jeudi 21 d\u00e9cembre 2023 \u00e0 10 heures aura lieu l&rsquo;inauguration de la maison des associations de Las Cobas et sa d\u00e9nomination en hommage \u00e0 Martin Viv\u00e8s. Patricia Fourquet, \u00e9lue pour la mairie de Perpignan, vient nous pr\u00e9senter le projet.<\/p>\n","protected":false},"author":337,"featured_media":8412,"template":"","tags":[],"podcastfilter":[190,255,109,259,223],"class_list":["post-8411","podcast","type-podcast","status-publish","has-post-thumbnail","hentry","podcastfilter-association","podcastfilter-evenement","podcastfilter-perpignan","podcastfilter-social","podcastfilter-solidaire"],"_links":{"self":[{"href":"https:\/\/radio-aviva.com\/perpignan\/wp-json\/wp\/v2\/podcast\/8411","targetHints":{"allow":["GET"]}}],"collection":[{"href":"https:\/\/radio-aviva.com\/perpignan\/wp-json\/wp\/v2\/podcast"}],"about":[{"href":"https:\/\/radio-aviva.com\/perpignan\/wp-json\/wp\/v2\/types\/podcast"}],"author":[{"embeddable":true,"href":"https:\/\/radio-aviva.com\/perpignan\/wp-json\/wp\/v2\/users\/337"}],"version-history":[{"count":0,"href":"https:\/\/radio-aviva.com\/perpignan\/wp-json\/wp\/v2\/podcast\/8411\/revisions"}],"wp:featuredmedia":[{"embeddable":true,"href":"https:\/\/radio-aviva.com\/perpignan\/wp-json\/wp\/v2\/media\/8412"}],"wp:attachment":[{"href":"https:\/\/radio-aviva.com\/perpignan\/wp-json\/wp\/v2\/media?parent=8411"}],"wp:term":[{"taxonomy":"post_tag","embeddable":true,"href":"https:\/\/radio-aviva.com\/perpignan\/wp-json\/wp\/v2\/tags?post=8411"},{"taxonomy":"podcastfilter","embeddable":true,"href":"https:\/\/radio-aviva.com\/perpignan\/wp-json\/wp\/v2\/podcastfilter?post=8411"}],"curies":[{"name":"wp","href":"https:\/\/api.w.org\/{rel}","templated":true}]}}

<p>Jeudi 21 décembre 2023 à 10 heures aura lieu l&rsquo;inauguration de la maison des associations de Las Cobas et sa dénomination en hommage à Martin Vivès. Patricia Fourquet, élue pour la mairie de Perpignan, vient nous présenter le projet.</p>
