{"id":8420,"date":"2023-12-12T09:45:43","date_gmt":"2023-12-12T08:45:43","guid":{"rendered":"https:\/\/radio-aviva.com\/perpignan\/?post_type=podcast&#038;p=8420"},"modified":"2023-12-12T10:01:33","modified_gmt":"2023-12-12T09:01:33","slug":"ramene-ta-graine-eloi-grau-benevole","status":"publish","type":"podcast","link":"https:\/\/radio-aviva.com\/perpignan\/podcast\/ramene-ta-graine-eloi-grau-benevole\/","title":{"rendered":"RAMENE TA GRAINE &#8211; ELOI GRAU, BENEVOLE"},"content":{"rendered":"<p>Ram\u00e8ne ta graine a pour objet de promouvoir les \u00e9changes de semences, participer \u00e0 la pr\u00e9servation des vari\u00e9t\u00e9s v\u00e9g\u00e9tales et \u00e0 la tenue d\u2019ateliers p\u00e9dagogiques. \u00c9loi, un b\u00e9n\u00e9vole, vient nous expliquer les actions de l&rsquo;association en faveur de l&rsquo;environnement.<\/p>\n","protected":false},"author":337,"featured_media":8421,"template":"","tags":[],"podcastfilter":[190,143,264,259,149,148],"class_list":["post-8420","podcast","type-podcast","status-publish","has-post-thumbnail","hentry","podcastfilter-association","podcastfilter-environnement","podcastfilter-prevention","podcastfilter-social","podcastfilter-solidarite","podcastfilter-voix-des-assos"],"_links":{"self":[{"href":"https:\/\/radio-aviva.com\/perpignan\/wp-json\/wp\/v2\/podcast\/8420","targetHints":{"allow":["GET"]}}],"collection":[{"href":"https:\/\/radio-aviva.com\/perpignan\/wp-json\/wp\/v2\/podcast"}],"about":[{"href":"https:\/\/radio-aviva.com\/perpignan\/wp-json\/wp\/v2\/types\/podcast"}],"author":[{"embeddable":true,"href":"https:\/\/radio-aviva.com\/perpignan\/wp-json\/wp\/v2\/users\/337"}],"version-history":[{"count":0,"href":"https:\/\/radio-aviva.com\/perpignan\/wp-json\/wp\/v2\/podcast\/8420\/revisions"}],"wp:featuredmedia":[{"embeddable":true,"href":"https:\/\/radio-aviva.com\/perpignan\/wp-json\/wp\/v2\/media\/8421"}],"wp:attachment":[{"href":"https:\/\/radio-aviva.com\/perpignan\/wp-json\/wp\/v2\/media?parent=8420"}],"wp:term":[{"taxonomy":"post_tag","embeddable":true,"href":"https:\/\/radio-aviva.com\/perpignan\/wp-json\/wp\/v2\/tags?post=8420"},{"taxonomy":"podcastfilter","embeddable":true,"href":"https:\/\/radio-aviva.com\/perpignan\/wp-json\/wp\/v2\/podcastfilter?post=8420"}],"curies":[{"name":"wp","href":"https:\/\/api.w.org\/{rel}","templated":true}]}}

<p>Ramène ta graine a pour objet de promouvoir les échanges de semences, participer à la préservation des variétés végétales et à la tenue d’ateliers pédagogiques. Éloi, un bénévole, vient nous expliquer les actions de l&rsquo;association en faveur de l&rsquo;environnement.</p>
