{"id":8455,"date":"2023-12-19T12:00:08","date_gmt":"2023-12-19T11:00:08","guid":{"rendered":"https:\/\/radio-aviva.com\/perpignan\/?post_type=podcast&#038;p=8455"},"modified":"2023-12-14T14:41:32","modified_gmt":"2023-12-14T13:41:32","slug":"ladret-et-le-reseau-europe-direct-claire-sarda-verges-directrice","status":"publish","type":"podcast","link":"https:\/\/radio-aviva.com\/perpignan\/podcast\/ladret-et-le-reseau-europe-direct-claire-sarda-verges-directrice\/","title":{"rendered":"L&rsquo;ADRET ET LE RESEAU EUROPE DIRECT &#8211; CLAIRE SARDA VERGES, DIRECTRICE"},"content":{"rendered":"<p>EUROPE DIRECT Pyr\u00e9n\u00e9es est le centre d&rsquo;information sur l&rsquo;union europ\u00e9enne port\u00e9 par l&rsquo;ADRET. Claire SARDA VERGES, directrice de l&rsquo;\u00e9tablissement \u00e0 Prades, vient nous pr\u00e9senter sa structure et leurs actions.<\/p>\n","protected":false},"author":337,"featured_media":8456,"template":"","tags":[],"podcastfilter":[179,135,206],"class_list":["post-8455","podcast","type-podcast","status-publish","has-post-thumbnail","hentry","podcastfilter-europe","podcastfilter-linvite-de-la-redaction","podcastfilter-politique-et-institutions-locales"],"_links":{"self":[{"href":"https:\/\/radio-aviva.com\/perpignan\/wp-json\/wp\/v2\/podcast\/8455","targetHints":{"allow":["GET"]}}],"collection":[{"href":"https:\/\/radio-aviva.com\/perpignan\/wp-json\/wp\/v2\/podcast"}],"about":[{"href":"https:\/\/radio-aviva.com\/perpignan\/wp-json\/wp\/v2\/types\/podcast"}],"author":[{"embeddable":true,"href":"https:\/\/radio-aviva.com\/perpignan\/wp-json\/wp\/v2\/users\/337"}],"version-history":[{"count":0,"href":"https:\/\/radio-aviva.com\/perpignan\/wp-json\/wp\/v2\/podcast\/8455\/revisions"}],"wp:featuredmedia":[{"embeddable":true,"href":"https:\/\/radio-aviva.com\/perpignan\/wp-json\/wp\/v2\/media\/8456"}],"wp:attachment":[{"href":"https:\/\/radio-aviva.com\/perpignan\/wp-json\/wp\/v2\/media?parent=8455"}],"wp:term":[{"taxonomy":"post_tag","embeddable":true,"href":"https:\/\/radio-aviva.com\/perpignan\/wp-json\/wp\/v2\/tags?post=8455"},{"taxonomy":"podcastfilter","embeddable":true,"href":"https:\/\/radio-aviva.com\/perpignan\/wp-json\/wp\/v2\/podcastfilter?post=8455"}],"curies":[{"name":"wp","href":"https:\/\/api.w.org\/{rel}","templated":true}]}}

<p>EUROPE DIRECT Pyrénées est le centre d&rsquo;information sur l&rsquo;union européenne porté par l&rsquo;ADRET. Claire SARDA VERGES, directrice de l&rsquo;établissement à Prades, vient nous présenter sa structure et leurs actions.</p>
