{"id":8458,"date":"2023-12-19T10:00:08","date_gmt":"2023-12-19T09:00:08","guid":{"rendered":"https:\/\/radio-aviva.com\/perpignan\/?post_type=podcast&#038;p=8458"},"modified":"2023-12-14T14:53:34","modified_gmt":"2023-12-14T13:53:34","slug":"centre-lgbt66-bilan-des-lgbtphobies-guy-gaultier-co-president","status":"publish","type":"podcast","link":"https:\/\/radio-aviva.com\/perpignan\/podcast\/centre-lgbt66-bilan-des-lgbtphobies-guy-gaultier-co-president\/","title":{"rendered":"CENTRE LGBT+66, BILAN DES LGBTPHOBIES &#8211; GUY GAULTIER, CO-PRESIDENT"},"content":{"rendered":"<p>LGBT+66 est une association n\u00e9e en 2008 dans les Pyr\u00e9n\u00e9es-Orientales autour des valeurs d&rsquo;\u00e9changes, de partage, de convivialit\u00e9 et surtout de lutte contre les discriminations. Guy Gaultier, co-pr\u00e9sident de la structure, vient nous dresser un bilan des LGBTPHOBIES.<\/p>\n","protected":false},"author":337,"featured_media":8459,"template":"","tags":[],"podcastfilter":[126,197,198,137,148],"class_list":["post-8458","podcast","type-podcast","status-publish","has-post-thumbnail","hentry","podcastfilter-education","podcastfilter-lutte-contre-lhomophobie","podcastfilter-lutte-contre-la-transphobie","podcastfilter-lutte-contre-les-discrimination","podcastfilter-voix-des-assos"],"_links":{"self":[{"href":"https:\/\/radio-aviva.com\/perpignan\/wp-json\/wp\/v2\/podcast\/8458","targetHints":{"allow":["GET"]}}],"collection":[{"href":"https:\/\/radio-aviva.com\/perpignan\/wp-json\/wp\/v2\/podcast"}],"about":[{"href":"https:\/\/radio-aviva.com\/perpignan\/wp-json\/wp\/v2\/types\/podcast"}],"author":[{"embeddable":true,"href":"https:\/\/radio-aviva.com\/perpignan\/wp-json\/wp\/v2\/users\/337"}],"version-history":[{"count":0,"href":"https:\/\/radio-aviva.com\/perpignan\/wp-json\/wp\/v2\/podcast\/8458\/revisions"}],"wp:featuredmedia":[{"embeddable":true,"href":"https:\/\/radio-aviva.com\/perpignan\/wp-json\/wp\/v2\/media\/8459"}],"wp:attachment":[{"href":"https:\/\/radio-aviva.com\/perpignan\/wp-json\/wp\/v2\/media?parent=8458"}],"wp:term":[{"taxonomy":"post_tag","embeddable":true,"href":"https:\/\/radio-aviva.com\/perpignan\/wp-json\/wp\/v2\/tags?post=8458"},{"taxonomy":"podcastfilter","embeddable":true,"href":"https:\/\/radio-aviva.com\/perpignan\/wp-json\/wp\/v2\/podcastfilter?post=8458"}],"curies":[{"name":"wp","href":"https:\/\/api.w.org\/{rel}","templated":true}]}}

<p>LGBT+66 est une association née en 2008 dans les Pyrénées-Orientales autour des valeurs d&rsquo;échanges, de partage, de convivialité et surtout de lutte contre les discriminations. Guy Gaultier, co-président de la structure, vient nous dresser un bilan des LGBTPHOBIES.</p>
