{"id":8487,"date":"2023-12-27T09:45:51","date_gmt":"2023-12-27T08:45:51","guid":{"rendered":"https:\/\/radio-aviva.com\/perpignan\/?post_type=podcast&#038;p=8487"},"modified":"2023-12-27T12:47:49","modified_gmt":"2023-12-27T11:47:49","slug":"action-caritative-par-le-cac66-pierre-kouzmin-martial-flament-nathalie-regond-planas-cac66-souris-a-la-vie-st-genis-des-fontaines","status":"publish","type":"podcast","link":"https:\/\/radio-aviva.com\/perpignan\/podcast\/action-caritative-par-le-cac66-pierre-kouzmin-martial-flament-nathalie-regond-planas-cac66-souris-a-la-vie-st-genis-des-fontaines\/","title":{"rendered":"ACTION CARITATIVE PAR LE CAC66 &#8211; PIERRE KOUZMIN, MARTIAL FLAMENT, NATHALIE REGOND PLANAS, CAC66, SOURIS A LA VIE, ST-GENIS-DES-FONTAINES"},"content":{"rendered":"<p>Le dimanche 8 octobre, le Cercle des Auteurs Catalans \u00e0 concr\u00e9tis\u00e9 l&rsquo;une de ses actions caritatives. C&rsquo;est dans le cloitre de Saint-G\u00e9nis-des-Fontaines, que l&rsquo;association Souris \u00e0 la vie \u00e0 re\u00e7u de la main des auteurs, un fauteuil roulant d&rsquo;une valeur de 3500 euros. Une belle journ\u00e9e sous le signe du coeur.<\/p>\n","protected":false},"author":337,"featured_media":8488,"template":"","tags":[],"podcastfilter":[170,190,256,230,281,151,259,149],"class_list":["post-8487","podcast","type-podcast","status-publish","has-post-thumbnail","hentry","podcastfilter-actions-culturelles","podcastfilter-association","podcastfilter-caritatif","podcastfilter-handicap","podcastfilter-litterature","podcastfilter-patrimoine","podcastfilter-social","podcastfilter-solidarite"],"_links":{"self":[{"href":"https:\/\/radio-aviva.com\/perpignan\/wp-json\/wp\/v2\/podcast\/8487","targetHints":{"allow":["GET"]}}],"collection":[{"href":"https:\/\/radio-aviva.com\/perpignan\/wp-json\/wp\/v2\/podcast"}],"about":[{"href":"https:\/\/radio-aviva.com\/perpignan\/wp-json\/wp\/v2\/types\/podcast"}],"author":[{"embeddable":true,"href":"https:\/\/radio-aviva.com\/perpignan\/wp-json\/wp\/v2\/users\/337"}],"version-history":[{"count":0,"href":"https:\/\/radio-aviva.com\/perpignan\/wp-json\/wp\/v2\/podcast\/8487\/revisions"}],"wp:featuredmedia":[{"embeddable":true,"href":"https:\/\/radio-aviva.com\/perpignan\/wp-json\/wp\/v2\/media\/8488"}],"wp:attachment":[{"href":"https:\/\/radio-aviva.com\/perpignan\/wp-json\/wp\/v2\/media?parent=8487"}],"wp:term":[{"taxonomy":"post_tag","embeddable":true,"href":"https:\/\/radio-aviva.com\/perpignan\/wp-json\/wp\/v2\/tags?post=8487"},{"taxonomy":"podcastfilter","embeddable":true,"href":"https:\/\/radio-aviva.com\/perpignan\/wp-json\/wp\/v2\/podcastfilter?post=8487"}],"curies":[{"name":"wp","href":"https:\/\/api.w.org\/{rel}","templated":true}]}}

<p>Le dimanche 8 octobre, le Cercle des Auteurs Catalans à concrétisé l&rsquo;une de ses actions caritatives. C&rsquo;est dans le cloitre de Saint-Génis-des-Fontaines, que l&rsquo;association Souris à la vie à reçu de la main des auteurs, un fauteuil roulant d&rsquo;une valeur de 3500 euros. Une belle journée sous le signe du coeur.</p>
