{"id":8512,"date":"2023-12-27T15:32:07","date_gmt":"2023-12-27T14:32:07","guid":{"rendered":"https:\/\/radio-aviva.com\/perpignan\/?post_type=podcast&#038;p=8512"},"modified":"2023-12-27T15:34:29","modified_gmt":"2023-12-27T14:34:29","slug":"collectif-droits-des-femmes-66-francoise-birkui-membre","status":"publish","type":"podcast","link":"https:\/\/radio-aviva.com\/perpignan\/podcast\/collectif-droits-des-femmes-66-francoise-birkui-membre\/","title":{"rendered":"COLLECTIF DROITS DES FEMMES 66 &#8211; FRANCOISE BIRKUI, MEMBRE"},"content":{"rendered":"<p>Dans les Pyr\u00e9n\u00e9es-Orientales, le collectif Droits des Femmes agit au niveau local dans la lutte pour les droits des femmes. Fran\u00e7oise Birkui, membre de ce collectif, vient nous pr\u00e9senter la structure et les actions qui en d\u00e9coulent.<\/p>\n","protected":false},"author":337,"featured_media":8513,"template":"","tags":[],"podcastfilter":[190,126,136,261,259,223,149,148],"class_list":["post-8512","podcast","type-podcast","status-publish","has-post-thumbnail","hentry","podcastfilter-association","podcastfilter-education","podcastfilter-egalite-hommes-femmes","podcastfilter-femmes","podcastfilter-social","podcastfilter-solidaire","podcastfilter-solidarite","podcastfilter-voix-des-assos"],"_links":{"self":[{"href":"https:\/\/radio-aviva.com\/perpignan\/wp-json\/wp\/v2\/podcast\/8512","targetHints":{"allow":["GET"]}}],"collection":[{"href":"https:\/\/radio-aviva.com\/perpignan\/wp-json\/wp\/v2\/podcast"}],"about":[{"href":"https:\/\/radio-aviva.com\/perpignan\/wp-json\/wp\/v2\/types\/podcast"}],"author":[{"embeddable":true,"href":"https:\/\/radio-aviva.com\/perpignan\/wp-json\/wp\/v2\/users\/337"}],"version-history":[{"count":0,"href":"https:\/\/radio-aviva.com\/perpignan\/wp-json\/wp\/v2\/podcast\/8512\/revisions"}],"wp:featuredmedia":[{"embeddable":true,"href":"https:\/\/radio-aviva.com\/perpignan\/wp-json\/wp\/v2\/media\/8513"}],"wp:attachment":[{"href":"https:\/\/radio-aviva.com\/perpignan\/wp-json\/wp\/v2\/media?parent=8512"}],"wp:term":[{"taxonomy":"post_tag","embeddable":true,"href":"https:\/\/radio-aviva.com\/perpignan\/wp-json\/wp\/v2\/tags?post=8512"},{"taxonomy":"podcastfilter","embeddable":true,"href":"https:\/\/radio-aviva.com\/perpignan\/wp-json\/wp\/v2\/podcastfilter?post=8512"}],"curies":[{"name":"wp","href":"https:\/\/api.w.org\/{rel}","templated":true}]}}

<p>Dans les Pyrénées-Orientales, le collectif Droits des Femmes agit au niveau local dans la lutte pour les droits des femmes. Françoise Birkui, membre de ce collectif, vient nous présenter la structure et les actions qui en découlent.</p>
