{"id":8536,"date":"2024-01-11T09:45:44","date_gmt":"2024-01-11T08:45:44","guid":{"rendered":"https:\/\/radio-aviva.com\/perpignan\/?post_type=podcast&#038;p=8536"},"modified":"2024-01-11T14:09:17","modified_gmt":"2024-01-11T13:09:17","slug":"festival-de-laventure-aux-angles-francoise-tichene-membre-organisatrice","status":"publish","type":"podcast","link":"https:\/\/radio-aviva.com\/perpignan\/podcast\/festival-de-laventure-aux-angles-francoise-tichene-membre-organisatrice\/","title":{"rendered":"FESTIVAL DE L&rsquo;AVENTURE AUX ANGLES &#8211; FRAN\u00c7OISE TICHENE , MEMBRE ORGANISATRICE"},"content":{"rendered":"<p>Le festival de l&rsquo;Aventure est le rendez-vous incontournable aux Angles pour les amateurs de r\u00e9cits et d&rsquo;aventures. Du 19 au 24 janvier, une programmation \u00e9clectique est propos\u00e9 pour transporter le spectateur dans l&rsquo;univers des explorateurs. Fran\u00e7oise Tichen\u00e9, l&rsquo;une des membre organisatrice de l&rsquo;\u00e9v\u00e9nement, vient nous pr\u00e9senter les dates cl\u00e9 et les th\u00e9matiques d\u00e9fendues par ce festival.<\/p>\n","protected":false},"author":337,"featured_media":8519,"template":"","tags":[],"podcastfilter":[128,165,143,255,167,212,140],"class_list":["post-8536","podcast","type-podcast","status-publish","has-post-thumbnail","hentry","podcastfilter-cinema","podcastfilter-culture-compagnie","podcastfilter-environnement","podcastfilter-evenement","podcastfilter-festival","podcastfilter-livre","podcastfilter-programmation-culturelle"],"_links":{"self":[{"href":"https:\/\/radio-aviva.com\/perpignan\/wp-json\/wp\/v2\/podcast\/8536","targetHints":{"allow":["GET"]}}],"collection":[{"href":"https:\/\/radio-aviva.com\/perpignan\/wp-json\/wp\/v2\/podcast"}],"about":[{"href":"https:\/\/radio-aviva.com\/perpignan\/wp-json\/wp\/v2\/types\/podcast"}],"author":[{"embeddable":true,"href":"https:\/\/radio-aviva.com\/perpignan\/wp-json\/wp\/v2\/users\/337"}],"version-history":[{"count":0,"href":"https:\/\/radio-aviva.com\/perpignan\/wp-json\/wp\/v2\/podcast\/8536\/revisions"}],"wp:featuredmedia":[{"embeddable":true,"href":"https:\/\/radio-aviva.com\/perpignan\/wp-json\/wp\/v2\/media\/8519"}],"wp:attachment":[{"href":"https:\/\/radio-aviva.com\/perpignan\/wp-json\/wp\/v2\/media?parent=8536"}],"wp:term":[{"taxonomy":"post_tag","embeddable":true,"href":"https:\/\/radio-aviva.com\/perpignan\/wp-json\/wp\/v2\/tags?post=8536"},{"taxonomy":"podcastfilter","embeddable":true,"href":"https:\/\/radio-aviva.com\/perpignan\/wp-json\/wp\/v2\/podcastfilter?post=8536"}],"curies":[{"name":"wp","href":"https:\/\/api.w.org\/{rel}","templated":true}]}}

FESTIVAL DE L&rsquo;AVENTURE AUX ANGLES &#8211; FRANÇOISE TICHENE , MEMBRE ORGANISATRICE

<p>Le festival de l&rsquo;Aventure est le rendez-vous incontournable aux Angles pour les amateurs de récits et d&rsquo;aventures. Du 19 au 24 janvier, une programmation éclectique est proposé pour transporter le spectateur dans l&rsquo;univers des explorateurs. Françoise Tichené, l&rsquo;une des membre organisatrice de l&rsquo;événement, vient nous présenter les dates clé et les thématiques défendues par ce festival.</p>
