{"id":8549,"date":"2024-01-16T09:45:06","date_gmt":"2024-01-16T08:45:06","guid":{"rendered":"https:\/\/radio-aviva.com\/perpignan\/?post_type=podcast&#038;p=8549"},"modified":"2024-01-15T10:15:00","modified_gmt":"2024-01-15T09:15:00","slug":"sourire-loisirs-audrey-mers-presidente","status":"publish","type":"podcast","link":"https:\/\/radio-aviva.com\/perpignan\/podcast\/sourire-loisirs-audrey-mers-presidente\/","title":{"rendered":"SOURIRE &amp; LOISIRS &#8211; AUDREY MERS, PRESIDENTE"},"content":{"rendered":"<p>Sourire &amp; Loisirs est une association artistique cr\u00e9\u00e9e en 2020. Cette structure aide \u00e0 rendre accessible les loisirs et la culture en proposant plusieurs services et ateliers ouvert \u00e0 tout public. Audrey Mers, pr\u00e9sidente de l&rsquo;association, vient nous pr\u00e9senter son engagement et ses activit\u00e9s culturelles.<\/p>\n","protected":false},"author":337,"featured_media":8550,"template":"","tags":[],"podcastfilter":[170,86,168,190,171,272,148],"class_list":["post-8549","podcast","type-podcast","status-publish","has-post-thumbnail","hentry","podcastfilter-actions-culturelles","podcastfilter-art","podcastfilter-artiste","podcastfilter-association","podcastfilter-ateliers","podcastfilter-culture","podcastfilter-voix-des-assos"],"_links":{"self":[{"href":"https:\/\/radio-aviva.com\/perpignan\/wp-json\/wp\/v2\/podcast\/8549","targetHints":{"allow":["GET"]}}],"collection":[{"href":"https:\/\/radio-aviva.com\/perpignan\/wp-json\/wp\/v2\/podcast"}],"about":[{"href":"https:\/\/radio-aviva.com\/perpignan\/wp-json\/wp\/v2\/types\/podcast"}],"author":[{"embeddable":true,"href":"https:\/\/radio-aviva.com\/perpignan\/wp-json\/wp\/v2\/users\/337"}],"version-history":[{"count":0,"href":"https:\/\/radio-aviva.com\/perpignan\/wp-json\/wp\/v2\/podcast\/8549\/revisions"}],"wp:featuredmedia":[{"embeddable":true,"href":"https:\/\/radio-aviva.com\/perpignan\/wp-json\/wp\/v2\/media\/8550"}],"wp:attachment":[{"href":"https:\/\/radio-aviva.com\/perpignan\/wp-json\/wp\/v2\/media?parent=8549"}],"wp:term":[{"taxonomy":"post_tag","embeddable":true,"href":"https:\/\/radio-aviva.com\/perpignan\/wp-json\/wp\/v2\/tags?post=8549"},{"taxonomy":"podcastfilter","embeddable":true,"href":"https:\/\/radio-aviva.com\/perpignan\/wp-json\/wp\/v2\/podcastfilter?post=8549"}],"curies":[{"name":"wp","href":"https:\/\/api.w.org\/{rel}","templated":true}]}}

<p>Sourire &amp; Loisirs est une association artistique créée en 2020. Cette structure aide à rendre accessible les loisirs et la culture en proposant plusieurs services et ateliers ouvert à tout public. Audrey Mers, présidente de l&rsquo;association, vient nous présenter son engagement et ses activités culturelles.</p>
