{"id":8560,"date":"2024-01-23T09:45:24","date_gmt":"2024-01-23T08:45:24","guid":{"rendered":"https:\/\/radio-aviva.com\/perpignan\/?post_type=podcast&#038;p=8560"},"modified":"2024-01-17T12:30:46","modified_gmt":"2024-01-17T11:30:46","slug":"expedition-2024-de-seaplastics-martin-simonoviez-tresorier-sea-plastics","status":"publish","type":"podcast","link":"https:\/\/radio-aviva.com\/perpignan\/podcast\/expedition-2024-de-seaplastics-martin-simonoviez-tresorier-sea-plastics\/","title":{"rendered":"EXPEDITION 2024 DE SEAPLASTICS &#8211; MARTIN SIMONOVIEZ, TRESORIER &#8211; SEA PLASTICS"},"content":{"rendered":"<p>SEA Plastics est une association cr\u00e9\u00e9e en 2016 par 3 \u00e9tudiants d\u2019AgroParisTech. Passionn\u00e9s par la mer et la voile,\u00a0<span class=\"notion-enable-hover\" data-token-index=\"1\">S<\/span>imon,\u00a0<span class=\"notion-enable-hover\" data-token-index=\"3\">E<\/span>rnest et\u00a0<span class=\"notion-enable-hover\" data-token-index=\"5\">A<\/span>ymeric ont alors l&rsquo;id\u00e9e de mettre \u00e0 profit 6 mois de leur vie, et leur bagage scientifique, pour \u00e9tudier et d\u00e9fendre ce milieu qui leur est si pr\u00e9cieux : la mer.\u00a0 Depuis, chaque ann\u00e9e, 4 \u00e0 5 \u00e9tudiants s&rsquo;engagent \u00e0 leur tour sur leurs traces. Martin SIMONOVIEZ vient nous parler de l\u2019exp\u00e9dition 2024. <!-- notionvc: e050733f-2273-4a4a-8fe5-861d8e64cf10 --><\/p>\n","protected":false},"author":337,"featured_media":8561,"template":"","tags":[],"podcastfilter":[142,126,143,252,227,149,148],"class_list":["post-8560","podcast","type-podcast","status-publish","has-post-thumbnail","hentry","podcastfilter-ecologie","podcastfilter-education","podcastfilter-environnement","podcastfilter-humanitaire","podcastfilter-sciences","podcastfilter-solidarite","podcastfilter-voix-des-assos"],"_links":{"self":[{"href":"https:\/\/radio-aviva.com\/perpignan\/wp-json\/wp\/v2\/podcast\/8560","targetHints":{"allow":["GET"]}}],"collection":[{"href":"https:\/\/radio-aviva.com\/perpignan\/wp-json\/wp\/v2\/podcast"}],"about":[{"href":"https:\/\/radio-aviva.com\/perpignan\/wp-json\/wp\/v2\/types\/podcast"}],"author":[{"embeddable":true,"href":"https:\/\/radio-aviva.com\/perpignan\/wp-json\/wp\/v2\/users\/337"}],"version-history":[{"count":0,"href":"https:\/\/radio-aviva.com\/perpignan\/wp-json\/wp\/v2\/podcast\/8560\/revisions"}],"wp:featuredmedia":[{"embeddable":true,"href":"https:\/\/radio-aviva.com\/perpignan\/wp-json\/wp\/v2\/media\/8561"}],"wp:attachment":[{"href":"https:\/\/radio-aviva.com\/perpignan\/wp-json\/wp\/v2\/media?parent=8560"}],"wp:term":[{"taxonomy":"post_tag","embeddable":true,"href":"https:\/\/radio-aviva.com\/perpignan\/wp-json\/wp\/v2\/tags?post=8560"},{"taxonomy":"podcastfilter","embeddable":true,"href":"https:\/\/radio-aviva.com\/perpignan\/wp-json\/wp\/v2\/podcastfilter?post=8560"}],"curies":[{"name":"wp","href":"https:\/\/api.w.org\/{rel}","templated":true}]}}

<p>SEA Plastics est une association créée en 2016 par 3 étudiants d’AgroParisTech. Passionnés par la mer et la voile, <span class="notion-enable-hover" data-token-index="1">S</span>imon, <span class="notion-enable-hover" data-token-index="3">E</span>rnest et <span class="notion-enable-hover" data-token-index="5">A</span>ymeric ont alors l&rsquo;idée de mettre à profit 6 mois de leur vie, et leur bagage scientifique, pour étudier et défendre ce milieu qui leur est si précieux : la mer.  Depuis, chaque année, 4 à 5 étudiants s&rsquo;engagent à leur tour sur leurs traces. Martin SIMONOVIEZ vient nous parler de l’expédition 2024. <!-- notionvc: e050733f-2273-4a4a-8fe5-861d8e64cf10 --></p>
