{"id":8578,"date":"2024-01-24T09:45:12","date_gmt":"2024-01-24T08:45:12","guid":{"rendered":"https:\/\/radio-aviva.com\/perpignan\/?post_type=podcast&#038;p=8578"},"modified":"2024-01-24T10:17:42","modified_gmt":"2024-01-24T09:17:42","slug":"le-bon-gout-du-naturel-louis-lauret-president","status":"publish","type":"podcast","link":"https:\/\/radio-aviva.com\/perpignan\/podcast\/le-bon-gout-du-naturel-louis-lauret-president\/","title":{"rendered":"LE BON GO\u00dbT DU NATUREL &#8211; LOUIS LAURENT, PRESIDENT"},"content":{"rendered":"<p>Le bon go\u00fbt du naturel est une association dynamique qui propose des ateliers pour apprendre \u00e0 faire son pain soi-m\u00eame au levain naturel tout en valorisation la vie associative et le terroir locale. Louis Laurent, fondateur et pr\u00e9sident de la structure, vient nous pr\u00e9senter ses projets et les activit\u00e9s qu&rsquo;il organise tout au long de l&rsquo;ann\u00e9e.<\/p>\n","protected":false},"author":337,"featured_media":8579,"template":"","tags":[],"podcastfilter":[162,272,126,206,119,227,148],"class_list":["post-8578","podcast","type-podcast","status-publish","has-post-thumbnail","hentry","podcastfilter-cuisine","podcastfilter-culture","podcastfilter-education","podcastfilter-politique-et-institutions-locales","podcastfilter-sante","podcastfilter-sciences","podcastfilter-voix-des-assos"],"_links":{"self":[{"href":"https:\/\/radio-aviva.com\/perpignan\/wp-json\/wp\/v2\/podcast\/8578","targetHints":{"allow":["GET"]}}],"collection":[{"href":"https:\/\/radio-aviva.com\/perpignan\/wp-json\/wp\/v2\/podcast"}],"about":[{"href":"https:\/\/radio-aviva.com\/perpignan\/wp-json\/wp\/v2\/types\/podcast"}],"author":[{"embeddable":true,"href":"https:\/\/radio-aviva.com\/perpignan\/wp-json\/wp\/v2\/users\/337"}],"version-history":[{"count":0,"href":"https:\/\/radio-aviva.com\/perpignan\/wp-json\/wp\/v2\/podcast\/8578\/revisions"}],"wp:featuredmedia":[{"embeddable":true,"href":"https:\/\/radio-aviva.com\/perpignan\/wp-json\/wp\/v2\/media\/8579"}],"wp:attachment":[{"href":"https:\/\/radio-aviva.com\/perpignan\/wp-json\/wp\/v2\/media?parent=8578"}],"wp:term":[{"taxonomy":"post_tag","embeddable":true,"href":"https:\/\/radio-aviva.com\/perpignan\/wp-json\/wp\/v2\/tags?post=8578"},{"taxonomy":"podcastfilter","embeddable":true,"href":"https:\/\/radio-aviva.com\/perpignan\/wp-json\/wp\/v2\/podcastfilter?post=8578"}],"curies":[{"name":"wp","href":"https:\/\/api.w.org\/{rel}","templated":true}]}}

LE BON GOÛT DU NATUREL &#8211; LOUIS LAURENT, PRESIDENT

<p>Le bon goût du naturel est une association dynamique qui propose des ateliers pour apprendre à faire son pain soi-même au levain naturel tout en valorisation la vie associative et le terroir locale. Louis Laurent, fondateur et président de la structure, vient nous présenter ses projets et les activités qu&rsquo;il organise tout au long de l&rsquo;année.</p>
