{"id":8585,"date":"2024-01-25T09:45:54","date_gmt":"2024-01-25T08:45:54","guid":{"rendered":"https:\/\/radio-aviva.com\/perpignan\/?post_type=podcast&#038;p=8585"},"modified":"2024-01-22T17:09:17","modified_gmt":"2024-01-22T16:09:17","slug":"la-charbonniere-francis-bracq-membre-fondateur","status":"publish","type":"podcast","link":"https:\/\/radio-aviva.com\/perpignan\/podcast\/la-charbonniere-francis-bracq-membre-fondateur\/","title":{"rendered":"LA CHARBONNIERE &#8211; FRANCIS BRACQ, MEMBRE FONDATEUR"},"content":{"rendered":"<p><span class=\"wixui-rich-text__text\">La Charbonni\u00e8re<\/span>\u00a0est une association de protection de la nature qui a pour but de soigner et de r\u00e9habiliter la faune sauvage en d\u00e9tresse dans le d\u00e9partement des Pyr\u00e9n\u00e9es-Orientales.<\/p>\n<p>Francis Bracq, l&rsquo;un des membres fondateurs vient nous la pr\u00e9senter.<\/p>\n","protected":false},"author":337,"featured_media":8587,"template":"","tags":[],"podcastfilter":[190,142,143,148],"class_list":["post-8585","podcast","type-podcast","status-publish","has-post-thumbnail","hentry","podcastfilter-association","podcastfilter-ecologie","podcastfilter-environnement","podcastfilter-voix-des-assos"],"_links":{"self":[{"href":"https:\/\/radio-aviva.com\/perpignan\/wp-json\/wp\/v2\/podcast\/8585","targetHints":{"allow":["GET"]}}],"collection":[{"href":"https:\/\/radio-aviva.com\/perpignan\/wp-json\/wp\/v2\/podcast"}],"about":[{"href":"https:\/\/radio-aviva.com\/perpignan\/wp-json\/wp\/v2\/types\/podcast"}],"author":[{"embeddable":true,"href":"https:\/\/radio-aviva.com\/perpignan\/wp-json\/wp\/v2\/users\/337"}],"version-history":[{"count":0,"href":"https:\/\/radio-aviva.com\/perpignan\/wp-json\/wp\/v2\/podcast\/8585\/revisions"}],"wp:featuredmedia":[{"embeddable":true,"href":"https:\/\/radio-aviva.com\/perpignan\/wp-json\/wp\/v2\/media\/8587"}],"wp:attachment":[{"href":"https:\/\/radio-aviva.com\/perpignan\/wp-json\/wp\/v2\/media?parent=8585"}],"wp:term":[{"taxonomy":"post_tag","embeddable":true,"href":"https:\/\/radio-aviva.com\/perpignan\/wp-json\/wp\/v2\/tags?post=8585"},{"taxonomy":"podcastfilter","embeddable":true,"href":"https:\/\/radio-aviva.com\/perpignan\/wp-json\/wp\/v2\/podcastfilter?post=8585"}],"curies":[{"name":"wp","href":"https:\/\/api.w.org\/{rel}","templated":true}]}}

<p><span class="wixui-rich-text__text">La Charbonnière</span> est une association de protection de la nature qui a pour but de soigner et de réhabiliter la faune sauvage en détresse dans le département des Pyrénées-Orientales.</p>
<p>Francis Bracq, l&rsquo;un des membres fondateurs vient nous la présenter.</p>
