{"id":8621,"date":"2024-02-06T10:00:13","date_gmt":"2024-02-06T09:00:13","guid":{"rendered":"https:\/\/radio-aviva.com\/perpignan\/?post_type=podcast&#038;p=8621"},"modified":"2024-02-05T15:30:33","modified_gmt":"2024-02-05T14:30:33","slug":"partenariat-cidff66-france-travail-p-o-sandra-hernandez-directrice-cidff66-anne-danycan-directrice-territorial-france-travail","status":"publish","type":"podcast","link":"https:\/\/radio-aviva.com\/perpignan\/podcast\/partenariat-cidff66-france-travail-p-o-sandra-hernandez-directrice-cidff66-anne-danycan-directrice-territorial-france-travail\/","title":{"rendered":"PARTENARIAT CIDFF66 FRANCE TRAVAIL P-O &#8211; SANDRA HERNANDEZ, DIRECTRICE CIDFF66, ANNE DANYCAN , DIRECTRICE TERRITORIAL FRANCE TRAVAIL"},"content":{"rendered":"<p>Le Centre d\u2019Information du Droit des Femmes et des Familles et France Travail signent une convention de partenariat pour faciliter et acc\u00e9l\u00e9rer le retour \u00e0 l\u2019emploi des femmes.<br \/>\nLes deux partenaires s\u2019engagent autour de quatre axes majeurs pour le bon d\u00e9roulement de cette collaboration. Anne Danycan et Sandra Hernandez viennent nous expliquer le but de cette collaboration.<\/p>\n","protected":false},"author":337,"featured_media":8622,"template":"","tags":[],"podcastfilter":[126,136,181,261,269,210],"class_list":["post-8621","podcast","type-podcast","status-publish","has-post-thumbnail","hentry","podcastfilter-education","podcastfilter-egalite-hommes-femmes","podcastfilter-emploi","podcastfilter-femmes","podcastfilter-formation","podcastfilter-travail"],"_links":{"self":[{"href":"https:\/\/radio-aviva.com\/perpignan\/wp-json\/wp\/v2\/podcast\/8621","targetHints":{"allow":["GET"]}}],"collection":[{"href":"https:\/\/radio-aviva.com\/perpignan\/wp-json\/wp\/v2\/podcast"}],"about":[{"href":"https:\/\/radio-aviva.com\/perpignan\/wp-json\/wp\/v2\/types\/podcast"}],"author":[{"embeddable":true,"href":"https:\/\/radio-aviva.com\/perpignan\/wp-json\/wp\/v2\/users\/337"}],"version-history":[{"count":0,"href":"https:\/\/radio-aviva.com\/perpignan\/wp-json\/wp\/v2\/podcast\/8621\/revisions"}],"wp:featuredmedia":[{"embeddable":true,"href":"https:\/\/radio-aviva.com\/perpignan\/wp-json\/wp\/v2\/media\/8622"}],"wp:attachment":[{"href":"https:\/\/radio-aviva.com\/perpignan\/wp-json\/wp\/v2\/media?parent=8621"}],"wp:term":[{"taxonomy":"post_tag","embeddable":true,"href":"https:\/\/radio-aviva.com\/perpignan\/wp-json\/wp\/v2\/tags?post=8621"},{"taxonomy":"podcastfilter","embeddable":true,"href":"https:\/\/radio-aviva.com\/perpignan\/wp-json\/wp\/v2\/podcastfilter?post=8621"}],"curies":[{"name":"wp","href":"https:\/\/api.w.org\/{rel}","templated":true}]}}

<p>Le Centre d’Information du Droit des Femmes et des Familles et France Travail signent une convention de partenariat pour faciliter et accélérer le retour à l’emploi des femmes.<br />
Les deux partenaires s’engagent autour de quatre axes majeurs pour le bon déroulement de cette collaboration. Anne Danycan et Sandra Hernandez viennent nous expliquer le but de cette collaboration.</p>
