{"id":8678,"date":"2024-02-20T10:00:56","date_gmt":"2024-02-20T09:00:56","guid":{"rendered":"https:\/\/radio-aviva.com\/perpignan\/?post_type=podcast&#038;p=8678"},"modified":"2024-02-20T10:22:35","modified_gmt":"2024-02-20T09:22:35","slug":"les-nouvelles-mesures-ecologiques-de-pmm-jean-charles-moriconi-marc-medina-elu-pmm","status":"publish","type":"podcast","link":"https:\/\/radio-aviva.com\/perpignan\/podcast\/les-nouvelles-mesures-ecologiques-de-pmm-jean-charles-moriconi-marc-medina-elu-pmm\/","title":{"rendered":"LES NOUVELLES MESURES ECOLOGIQUES DE PMM &#8211; JEAN-CHARLES MORICONI, MARC MEDINA, ELU PMM"},"content":{"rendered":"<p>Perpignan M\u00e9diterran\u00e9e M\u00e9tropole instaure en cette nouvelle ann\u00e9e 2024 des mesures dites \u201c\u00e9co-responsable\u201d. Le changement total du r\u00e9seau de bus sank\u00e9o, en passant par le boitier Voltalis, l\u2019objectif est la sobri\u00e9t\u00e9 \u00e9nerg\u00e9tique. Jean-Charles Moriconi et Marc M\u00e9dina, tous deux \u00e9lus \u00e0 la m\u00e9tropole, viennent nous pr\u00e9senter ces nouvelles mesures en faveur d\u2019une ann\u00e9e plus verte.<\/p>\n","protected":false},"author":337,"featured_media":8679,"template":"","tags":[],"podcastfilter":[142,164,143,145,288],"class_list":["post-8678","podcast","type-podcast","status-publish","has-post-thumbnail","hentry","podcastfilter-ecologie","podcastfilter-economie","podcastfilter-environnement","podcastfilter-mag-de-la-redac","podcastfilter-perpignan-mediterranee-metropole"],"_links":{"self":[{"href":"https:\/\/radio-aviva.com\/perpignan\/wp-json\/wp\/v2\/podcast\/8678","targetHints":{"allow":["GET"]}}],"collection":[{"href":"https:\/\/radio-aviva.com\/perpignan\/wp-json\/wp\/v2\/podcast"}],"about":[{"href":"https:\/\/radio-aviva.com\/perpignan\/wp-json\/wp\/v2\/types\/podcast"}],"author":[{"embeddable":true,"href":"https:\/\/radio-aviva.com\/perpignan\/wp-json\/wp\/v2\/users\/337"}],"version-history":[{"count":0,"href":"https:\/\/radio-aviva.com\/perpignan\/wp-json\/wp\/v2\/podcast\/8678\/revisions"}],"wp:featuredmedia":[{"embeddable":true,"href":"https:\/\/radio-aviva.com\/perpignan\/wp-json\/wp\/v2\/media\/8679"}],"wp:attachment":[{"href":"https:\/\/radio-aviva.com\/perpignan\/wp-json\/wp\/v2\/media?parent=8678"}],"wp:term":[{"taxonomy":"post_tag","embeddable":true,"href":"https:\/\/radio-aviva.com\/perpignan\/wp-json\/wp\/v2\/tags?post=8678"},{"taxonomy":"podcastfilter","embeddable":true,"href":"https:\/\/radio-aviva.com\/perpignan\/wp-json\/wp\/v2\/podcastfilter?post=8678"}],"curies":[{"name":"wp","href":"https:\/\/api.w.org\/{rel}","templated":true}]}}

<p>Perpignan Méditerranée Métropole instaure en cette nouvelle année 2024 des mesures dites “éco-responsable”. Le changement total du réseau de bus sankéo, en passant par le boitier Voltalis, l’objectif est la sobriété énergétique. Jean-Charles Moriconi et Marc Médina, tous deux élus à la métropole, viennent nous présenter ces nouvelles mesures en faveur d’une année plus verte.</p>
