{"id":8718,"date":"2024-02-22T12:00:34","date_gmt":"2024-02-22T11:00:34","guid":{"rendered":"https:\/\/radio-aviva.com\/perpignan\/?post_type=podcast&#038;p=8718"},"modified":"2024-02-19T13:56:04","modified_gmt":"2024-02-19T12:56:04","slug":"ecole-de-musique-des-alberes-jean-baptite-alaminos-directeur-ema","status":"publish","type":"podcast","link":"https:\/\/radio-aviva.com\/perpignan\/podcast\/ecole-de-musique-des-alberes-jean-baptite-alaminos-directeur-ema\/","title":{"rendered":"ECOLE DE MUSIQUE DES ALBERES &#8211; JEAN-BAPTITE ALAMINOS, DIRECTEUR, EMA"},"content":{"rendered":"<p>L&rsquo;\u00e9cole\u00a0de\u00a0musique\u00a0des\u00a0Alb\u00e8res\u00a0(EMA) est une association qui permet depuis 1990 de donner acc\u00e8s \u00e0\u00a0des\u00a0cours de\u00a0musique\u00a0et d&rsquo;instruments de qualit\u00e9.Ce premier pas dans le monde musical est un tremplin qui, au-del\u00e0\u00a0des\u00a0apprentissages, apporte une ouverture d&rsquo;esprit, d\u00e9veloppe la cr\u00e9ativit\u00e9 et contribue \u00e0 l&rsquo;\u00e9panouissement personnel. Jean-Baptiste ALAMINOS, directeur de l\u2019\u00e9tablissement, vient nous pr\u00e9senter la structure et ses projets.<\/p>\n","protected":false},"author":337,"featured_media":8720,"template":"","tags":[],"podcastfilter":[190,126,269,135,88],"class_list":["post-8718","podcast","type-podcast","status-publish","has-post-thumbnail","hentry","podcastfilter-association","podcastfilter-education","podcastfilter-formation","podcastfilter-linvite-de-la-redaction","podcastfilter-musique"],"_links":{"self":[{"href":"https:\/\/radio-aviva.com\/perpignan\/wp-json\/wp\/v2\/podcast\/8718","targetHints":{"allow":["GET"]}}],"collection":[{"href":"https:\/\/radio-aviva.com\/perpignan\/wp-json\/wp\/v2\/podcast"}],"about":[{"href":"https:\/\/radio-aviva.com\/perpignan\/wp-json\/wp\/v2\/types\/podcast"}],"author":[{"embeddable":true,"href":"https:\/\/radio-aviva.com\/perpignan\/wp-json\/wp\/v2\/users\/337"}],"version-history":[{"count":0,"href":"https:\/\/radio-aviva.com\/perpignan\/wp-json\/wp\/v2\/podcast\/8718\/revisions"}],"wp:featuredmedia":[{"embeddable":true,"href":"https:\/\/radio-aviva.com\/perpignan\/wp-json\/wp\/v2\/media\/8720"}],"wp:attachment":[{"href":"https:\/\/radio-aviva.com\/perpignan\/wp-json\/wp\/v2\/media?parent=8718"}],"wp:term":[{"taxonomy":"post_tag","embeddable":true,"href":"https:\/\/radio-aviva.com\/perpignan\/wp-json\/wp\/v2\/tags?post=8718"},{"taxonomy":"podcastfilter","embeddable":true,"href":"https:\/\/radio-aviva.com\/perpignan\/wp-json\/wp\/v2\/podcastfilter?post=8718"}],"curies":[{"name":"wp","href":"https:\/\/api.w.org\/{rel}","templated":true}]}}

<p>L&rsquo;école de musique des Albères (EMA) est une association qui permet depuis 1990 de donner accès à des cours de musique et d&rsquo;instruments de qualité.Ce premier pas dans le monde musical est un tremplin qui, au-delà des apprentissages, apporte une ouverture d&rsquo;esprit, développe la créativité et contribue à l&rsquo;épanouissement personnel. Jean-Baptiste ALAMINOS, directeur de l’établissement, vient nous présenter la structure et ses projets.</p>
