{"id":8723,"date":"2024-02-20T11:26:23","date_gmt":"2024-02-20T10:26:23","guid":{"rendered":"https:\/\/radio-aviva.com\/perpignan\/podcast\/debut-de-saison-gilles-baux-supporter-dragon-catalan\/"},"modified":"2025-10-28T16:28:33","modified_gmt":"2025-10-28T15:28:33","slug":"debut-de-saison-gilles-baux-supporter-dragon-catalan","status":"publish","type":"podcast","link":"https:\/\/radio-aviva.com\/perpignan\/podcast\/debut-de-saison-gilles-baux-supporter-dragon-catalan\/","title":{"rendered":"DEBUT DE SAISON GILLES BAUX SUPPORTER DRAGON CATALAN"},"content":{"rendered":"<p>&nbsp;<\/p>\n<p>Dans ce nouveau num\u00e9ro de l\u2019invit\u00e9 sportif du mardi 20 f\u00e9vrier 2024, Sidney Bitton re\u00e7oit Gilles Baux, supporter des dragons catalan pour ce d\u00e9but de saison.<\/p>\n","protected":false},"author":1,"featured_media":0,"template":"","tags":[],"podcastfilter":[],"class_list":["post-8723","podcast","type-podcast","status-publish","hentry"],"_links":{"self":[{"href":"https:\/\/radio-aviva.com\/perpignan\/wp-json\/wp\/v2\/podcast\/8723","targetHints":{"allow":["GET"]}}],"collection":[{"href":"https:\/\/radio-aviva.com\/perpignan\/wp-json\/wp\/v2\/podcast"}],"about":[{"href":"https:\/\/radio-aviva.com\/perpignan\/wp-json\/wp\/v2\/types\/podcast"}],"author":[{"embeddable":true,"href":"https:\/\/radio-aviva.com\/perpignan\/wp-json\/wp\/v2\/users\/1"}],"version-history":[{"count":1,"href":"https:\/\/radio-aviva.com\/perpignan\/wp-json\/wp\/v2\/podcast\/8723\/revisions"}],"predecessor-version":[{"id":11634,"href":"https:\/\/radio-aviva.com\/perpignan\/wp-json\/wp\/v2\/podcast\/8723\/revisions\/11634"}],"wp:attachment":[{"href":"https:\/\/radio-aviva.com\/perpignan\/wp-json\/wp\/v2\/media?parent=8723"}],"wp:term":[{"taxonomy":"post_tag","embeddable":true,"href":"https:\/\/radio-aviva.com\/perpignan\/wp-json\/wp\/v2\/tags?post=8723"},{"taxonomy":"podcastfilter","embeddable":true,"href":"https:\/\/radio-aviva.com\/perpignan\/wp-json\/wp\/v2\/podcastfilter?post=8723"}],"curies":[{"name":"wp","href":"https:\/\/api.w.org\/{rel}","templated":true}]}}

<p>&nbsp;</p>
<p>Dans ce nouveau numéro de l’invité sportif du mardi 20 février 2024, Sidney Bitton reçoit Gilles Baux, supporter des dragons catalan pour ce début de saison.</p>
