{"id":8731,"date":"2024-02-21T14:39:21","date_gmt":"2024-02-21T13:39:21","guid":{"rendered":"https:\/\/radio-aviva.com\/perpignan\/podcast\/carnaval-soizick-chartier-vice-presidente-intercal\/"},"modified":"2024-02-21T14:39:21","modified_gmt":"2024-02-21T13:39:21","slug":"carnaval-soizick-chartier-vice-presidente-intercal","status":"publish","type":"podcast","link":"https:\/\/radio-aviva.com\/perpignan\/podcast\/carnaval-soizick-chartier-vice-presidente-intercal\/","title":{"rendered":"CARNAVAL SOIZICK CHARTIER VICE PRESIDENTE INTER&rsquo;CAL"},"content":{"rendered":"<p>&nbsp;<\/p>\n<p>Dans cette \u00e9mission, claire Westrelin re\u00e7oit Soizick CHARTIER, pour nous pr\u00e9senter le carnaval occitan qui se d\u00e9roule le 23 mars.<\/p>\n","protected":false},"author":1,"featured_media":0,"template":"","tags":[],"podcastfilter":[165],"class_list":["post-8731","podcast","type-podcast","status-publish","hentry","podcastfilter-culture-compagnie"],"_links":{"self":[{"href":"https:\/\/radio-aviva.com\/perpignan\/wp-json\/wp\/v2\/podcast\/8731","targetHints":{"allow":["GET"]}}],"collection":[{"href":"https:\/\/radio-aviva.com\/perpignan\/wp-json\/wp\/v2\/podcast"}],"about":[{"href":"https:\/\/radio-aviva.com\/perpignan\/wp-json\/wp\/v2\/types\/podcast"}],"author":[{"embeddable":true,"href":"https:\/\/radio-aviva.com\/perpignan\/wp-json\/wp\/v2\/users\/1"}],"version-history":[{"count":0,"href":"https:\/\/radio-aviva.com\/perpignan\/wp-json\/wp\/v2\/podcast\/8731\/revisions"}],"wp:attachment":[{"href":"https:\/\/radio-aviva.com\/perpignan\/wp-json\/wp\/v2\/media?parent=8731"}],"wp:term":[{"taxonomy":"post_tag","embeddable":true,"href":"https:\/\/radio-aviva.com\/perpignan\/wp-json\/wp\/v2\/tags?post=8731"},{"taxonomy":"podcastfilter","embeddable":true,"href":"https:\/\/radio-aviva.com\/perpignan\/wp-json\/wp\/v2\/podcastfilter?post=8731"}],"curies":[{"name":"wp","href":"https:\/\/api.w.org\/{rel}","templated":true}]}}

<p>&nbsp;</p>
<p>Dans cette émission, claire Westrelin reçoit Soizick CHARTIER, pour nous présenter le carnaval occitan qui se déroule le 23 mars.</p>
