{"id":8748,"date":"2024-02-28T18:30:16","date_gmt":"2024-02-28T17:30:16","guid":{"rendered":"https:\/\/radio-aviva.com\/perpignan\/?post_type=podcast&#038;p=8748"},"modified":"2024-02-26T11:00:04","modified_gmt":"2024-02-26T10:00:04","slug":"bilan-et-projets-pour-2024-thierry-bonnier-prefet-des-pyrenees-orientales","status":"publish","type":"podcast","link":"https:\/\/radio-aviva.com\/perpignan\/podcast\/bilan-et-projets-pour-2024-thierry-bonnier-prefet-des-pyrenees-orientales\/","title":{"rendered":"BILAN ET PROJETS POUR 2024 &#8211; THIERRY BONNIER, PREFET DES PYRENEES-ORIENTALES"},"content":{"rendered":"<p>Dans cette \u00e9mission, Perla DANAN re\u00e7oit le pr\u00e9fet des Pyr\u00e9n\u00e9es-Orientales, Thierry BONNIER, pour nous pr\u00e9senter son bilan de 2023 et ses perspectives pour 2024.<\/p>\n","protected":false},"author":337,"featured_media":8749,"template":"","tags":[],"podcastfilter":[],"class_list":["post-8748","podcast","type-podcast","status-publish","has-post-thumbnail","hentry"],"_links":{"self":[{"href":"https:\/\/radio-aviva.com\/perpignan\/wp-json\/wp\/v2\/podcast\/8748","targetHints":{"allow":["GET"]}}],"collection":[{"href":"https:\/\/radio-aviva.com\/perpignan\/wp-json\/wp\/v2\/podcast"}],"about":[{"href":"https:\/\/radio-aviva.com\/perpignan\/wp-json\/wp\/v2\/types\/podcast"}],"author":[{"embeddable":true,"href":"https:\/\/radio-aviva.com\/perpignan\/wp-json\/wp\/v2\/users\/337"}],"version-history":[{"count":0,"href":"https:\/\/radio-aviva.com\/perpignan\/wp-json\/wp\/v2\/podcast\/8748\/revisions"}],"wp:featuredmedia":[{"embeddable":true,"href":"https:\/\/radio-aviva.com\/perpignan\/wp-json\/wp\/v2\/media\/8749"}],"wp:attachment":[{"href":"https:\/\/radio-aviva.com\/perpignan\/wp-json\/wp\/v2\/media?parent=8748"}],"wp:term":[{"taxonomy":"post_tag","embeddable":true,"href":"https:\/\/radio-aviva.com\/perpignan\/wp-json\/wp\/v2\/tags?post=8748"},{"taxonomy":"podcastfilter","embeddable":true,"href":"https:\/\/radio-aviva.com\/perpignan\/wp-json\/wp\/v2\/podcastfilter?post=8748"}],"curies":[{"name":"wp","href":"https:\/\/api.w.org\/{rel}","templated":true}]}}

<p>Dans cette émission, Perla DANAN reçoit le préfet des Pyrénées-Orientales, Thierry BONNIER, pour nous présenter son bilan de 2023 et ses perspectives pour 2024.</p>
