{"id":8754,"date":"2024-02-28T07:40:45","date_gmt":"2024-02-28T06:40:45","guid":{"rendered":"https:\/\/radio-aviva.com\/perpignan\/?post_type=podcast&#038;p=8754"},"modified":"2024-02-26T11:33:41","modified_gmt":"2024-02-26T10:33:41","slug":"30-ans-maison-de-leurope-francois-figueras-presidentt-maison-de-leurope","status":"publish","type":"podcast","link":"https:\/\/radio-aviva.com\/perpignan\/podcast\/30-ans-maison-de-leurope-francois-figueras-presidentt-maison-de-leurope\/","title":{"rendered":"30 ANS MAISON DE L&rsquo;EUROPE &#8211; FRANCOIS FIGUERAS, PRESIDENTT MAISON DE L&rsquo;EUROPE"},"content":{"rendered":"<p>La maison de L\u2019Europe Pyr\u00e9n\u00e9es-Roussillon f\u00eate cette ann\u00e9e ces 30 ans. A cette occasion, une journ\u00e9e sp\u00e9ciale est organis\u00e9 le 2 mars prochain \u00e0 Saint-G\u00e9nis-des-fontaines. Fran\u00e7ois Figueras, pr\u00e9sident de l\u2019association, vient nous parler de l\u2019histoire de la structure ainsi que la journ\u00e9e du 2 mars.<\/p>\n","protected":false},"author":337,"featured_media":8755,"template":"","tags":[],"podcastfilter":[],"class_list":["post-8754","podcast","type-podcast","status-publish","has-post-thumbnail","hentry"],"_links":{"self":[{"href":"https:\/\/radio-aviva.com\/perpignan\/wp-json\/wp\/v2\/podcast\/8754","targetHints":{"allow":["GET"]}}],"collection":[{"href":"https:\/\/radio-aviva.com\/perpignan\/wp-json\/wp\/v2\/podcast"}],"about":[{"href":"https:\/\/radio-aviva.com\/perpignan\/wp-json\/wp\/v2\/types\/podcast"}],"author":[{"embeddable":true,"href":"https:\/\/radio-aviva.com\/perpignan\/wp-json\/wp\/v2\/users\/337"}],"version-history":[{"count":0,"href":"https:\/\/radio-aviva.com\/perpignan\/wp-json\/wp\/v2\/podcast\/8754\/revisions"}],"wp:featuredmedia":[{"embeddable":true,"href":"https:\/\/radio-aviva.com\/perpignan\/wp-json\/wp\/v2\/media\/8755"}],"wp:attachment":[{"href":"https:\/\/radio-aviva.com\/perpignan\/wp-json\/wp\/v2\/media?parent=8754"}],"wp:term":[{"taxonomy":"post_tag","embeddable":true,"href":"https:\/\/radio-aviva.com\/perpignan\/wp-json\/wp\/v2\/tags?post=8754"},{"taxonomy":"podcastfilter","embeddable":true,"href":"https:\/\/radio-aviva.com\/perpignan\/wp-json\/wp\/v2\/podcastfilter?post=8754"}],"curies":[{"name":"wp","href":"https:\/\/api.w.org\/{rel}","templated":true}]}}

<p>La maison de L’Europe Pyrénées-Roussillon fête cette année ces 30 ans. A cette occasion, une journée spéciale est organisé le 2 mars prochain à Saint-Génis-des-fontaines. François Figueras, président de l’association, vient nous parler de l’histoire de la structure ainsi que la journée du 2 mars.</p>
