{"id":8790,"date":"2023-11-22T16:52:40","date_gmt":"2023-11-22T15:52:40","guid":{"rendered":"https:\/\/radio-aviva.com\/perpignan\/podcast\/atelier-pedagogique-college-jean-rous-education-aux-medias\/"},"modified":"2024-03-20T14:54:28","modified_gmt":"2024-03-20T13:54:28","slug":"atelier-pedagogique-college-jean-rous-education-aux-medias","status":"publish","type":"podcast","link":"https:\/\/radio-aviva.com\/perpignan\/podcast\/atelier-pedagogique-college-jean-rous-education-aux-medias\/","title":{"rendered":"ATELIER PEDAGOGIQUE COLLEGE JEAN ROUS &#8211; EDUCATION AUX MEDIAS"},"content":{"rendered":"<p>Le 22 D\u00e9cembre 2023 Perla DANAN, pr\u00e9sidente de RADIO AVIVA \u00e9tait au coll\u00e8ge Jean<br \/>\nRous\u00a0\u00e0\u00a0Pia\u00a0afin d\u2019\u00e9duquer les \u00e9l\u00e8ves sur les\u00a0m\u00e9dias\u00a0et ce qu\u2019ils repr\u00e9sentent.<br \/>\nUn atelier \u00e0 l\u2019initiative de Sylvie VILLADOMAT, professeur porteur du projet<br \/>\nAvec la participation de l\u2019adjudant-chef\u00a0David VINCENT, commandant la maison de<br \/>\npr\u00e9vention et de protection des familles de la gendarmerie des Pyr\u00e9n\u00e9es-Orientales<br \/>\net l&rsquo;adjudant Habiba MOTIA de la m\u00eame unit\u00e9<\/p>\n<p>&nbsp;<\/p>\n<p><img fetchpriority=\"high\" decoding=\"async\" class=\"alignnone size-full wp-image-8791\" src=\"https:\/\/radio-aviva.com\/wp-content\/uploads\/2023\/11\/20231222_105512-scaled.jpg\" alt=\"\" width=\"2560\" height=\"1440\" \/><\/p>\n","protected":false},"author":333,"featured_media":8792,"template":"","tags":[],"podcastfilter":[292,109],"class_list":["post-8790","podcast","type-podcast","status-publish","has-post-thumbnail","hentry","podcastfilter-ateliers-pedagogiques","podcastfilter-perpignan"],"_links":{"self":[{"href":"https:\/\/radio-aviva.com\/perpignan\/wp-json\/wp\/v2\/podcast\/8790","targetHints":{"allow":["GET"]}}],"collection":[{"href":"https:\/\/radio-aviva.com\/perpignan\/wp-json\/wp\/v2\/podcast"}],"about":[{"href":"https:\/\/radio-aviva.com\/perpignan\/wp-json\/wp\/v2\/types\/podcast"}],"author":[{"embeddable":true,"href":"https:\/\/radio-aviva.com\/perpignan\/wp-json\/wp\/v2\/users\/333"}],"version-history":[{"count":0,"href":"https:\/\/radio-aviva.com\/perpignan\/wp-json\/wp\/v2\/podcast\/8790\/revisions"}],"wp:featuredmedia":[{"embeddable":true,"href":"https:\/\/radio-aviva.com\/perpignan\/wp-json\/wp\/v2\/media\/8792"}],"wp:attachment":[{"href":"https:\/\/radio-aviva.com\/perpignan\/wp-json\/wp\/v2\/media?parent=8790"}],"wp:term":[{"taxonomy":"post_tag","embeddable":true,"href":"https:\/\/radio-aviva.com\/perpignan\/wp-json\/wp\/v2\/tags?post=8790"},{"taxonomy":"podcastfilter","embeddable":true,"href":"https:\/\/radio-aviva.com\/perpignan\/wp-json\/wp\/v2\/podcastfilter?post=8790"}],"curies":[{"name":"wp","href":"https:\/\/api.w.org\/{rel}","templated":true}]}}

<p>Le 22 Décembre 2023 Perla DANAN, présidente de RADIO AVIVA était au collège Jean<br />
Rous à Pia afin d’éduquer les élèves sur les médias et ce qu’ils représentent.<br />
Un atelier à l’initiative de Sylvie VILLADOMAT, professeur porteur du projet<br />
Avec la participation de l’adjudant-chef David VINCENT, commandant la maison de<br />
prévention et de protection des familles de la gendarmerie des Pyrénées-Orientales<br />
et l&rsquo;adjudant Habiba MOTIA de la même unité</p>
<p>&nbsp;</p>
<p><img fetchpriority="high" decoding="async" class="alignnone size-full wp-image-8791" src="https://radio-aviva.com/wp-content/uploads/2023/11/20231222_105512-scaled.jpg" alt="" width="2560" height="1440" /></p>
