{"id":8813,"date":"2024-03-22T10:31:05","date_gmt":"2024-03-22T09:31:05","guid":{"rendered":"https:\/\/radio-aviva.com\/perpignan\/?post_type=podcast&#038;p=8813"},"modified":"2024-03-22T10:31:05","modified_gmt":"2024-03-22T09:31:05","slug":"festival-graines-esentielles-xl-nathalie-jurado-presidente","status":"publish","type":"podcast","link":"https:\/\/radio-aviva.com\/perpignan\/podcast\/festival-graines-esentielles-xl-nathalie-jurado-presidente\/","title":{"rendered":"FESTIVAL GRAINES ESENTIELLES XL &#8211; NATHALIE JURADO, PRESIDENTE"},"content":{"rendered":"<p>Graines Essentielles est un festival qui se veut autrement positif, qui souhaite vous offrir un panel tr\u00e8s large de bonheur, d&rsquo;accompagnement, de d\u00e9couverte, de partage, de plaisir, de positivit\u00e9, de bien-\u00eatre&#8230;Semer des graines pour \u00e9veiller les sens !<\/p>\n","protected":false},"author":337,"featured_media":8814,"template":"","tags":[],"podcastfilter":[170,191,208,267,126,143,255,167],"class_list":["post-8813","podcast","type-podcast","status-publish","has-post-thumbnail","hentry","podcastfilter-actions-culturelles","podcastfilter-bien-etre-2","podcastfilter-conference","podcastfilter-convention","podcastfilter-education","podcastfilter-environnement","podcastfilter-evenement","podcastfilter-festival"],"_links":{"self":[{"href":"https:\/\/radio-aviva.com\/perpignan\/wp-json\/wp\/v2\/podcast\/8813","targetHints":{"allow":["GET"]}}],"collection":[{"href":"https:\/\/radio-aviva.com\/perpignan\/wp-json\/wp\/v2\/podcast"}],"about":[{"href":"https:\/\/radio-aviva.com\/perpignan\/wp-json\/wp\/v2\/types\/podcast"}],"author":[{"embeddable":true,"href":"https:\/\/radio-aviva.com\/perpignan\/wp-json\/wp\/v2\/users\/337"}],"version-history":[{"count":0,"href":"https:\/\/radio-aviva.com\/perpignan\/wp-json\/wp\/v2\/podcast\/8813\/revisions"}],"wp:featuredmedia":[{"embeddable":true,"href":"https:\/\/radio-aviva.com\/perpignan\/wp-json\/wp\/v2\/media\/8814"}],"wp:attachment":[{"href":"https:\/\/radio-aviva.com\/perpignan\/wp-json\/wp\/v2\/media?parent=8813"}],"wp:term":[{"taxonomy":"post_tag","embeddable":true,"href":"https:\/\/radio-aviva.com\/perpignan\/wp-json\/wp\/v2\/tags?post=8813"},{"taxonomy":"podcastfilter","embeddable":true,"href":"https:\/\/radio-aviva.com\/perpignan\/wp-json\/wp\/v2\/podcastfilter?post=8813"}],"curies":[{"name":"wp","href":"https:\/\/api.w.org\/{rel}","templated":true}]}}

<p>Graines Essentielles est un festival qui se veut autrement positif, qui souhaite vous offrir un panel très large de bonheur, d&rsquo;accompagnement, de découverte, de partage, de plaisir, de positivité, de bien-être&#8230;Semer des graines pour éveiller les sens !</p>
