{"id":8845,"date":"2024-04-03T11:56:54","date_gmt":"2024-04-03T09:56:54","guid":{"rendered":"https:\/\/radio-aviva.com\/perpignan\/podcast\/trail-du-lirou-2024-les-matelles-jean-francois-marambaud-president-de-los-blanbecks\/"},"modified":"2024-04-03T11:56:54","modified_gmt":"2024-04-03T09:56:54","slug":"trail-du-lirou-2024-les-matelles-jean-francois-marambaud-president-de-los-blanbecks","status":"publish","type":"podcast","link":"https:\/\/radio-aviva.com\/perpignan\/podcast\/trail-du-lirou-2024-les-matelles-jean-francois-marambaud-president-de-los-blanbecks\/","title":{"rendered":"TRAIL DU LIROU 2024 LES MATELLES  JEAN FRANCOIS MARAMBAUD PR\u00c9SIDENT DE LOS BLANBECKS"},"content":{"rendered":"<p>&nbsp;<\/p>\n<p>Dans ce nouvel \u00e9pisode de l&rsquo;invit\u00e9 sportif du mercredi 3 Avril 2024, Sydney Biton re\u00e7oit Jean Fran\u00e7ois Marambaud, pr\u00e9sident de Los Blanbecks.<\/p>\n<p>&nbsp;<\/p>\n<p><a href=\"https:\/\/grandpicsaintloup.fr\/evenement\/trail-du-lirou-2024\/\">https:\/\/grandpicsaintloup.fr\/evenement\/trail-du-lirou-2024\/<\/a><\/p>\n","protected":false},"author":1,"featured_media":8846,"template":"","tags":[],"podcastfilter":[187,87],"class_list":["post-8845","podcast","type-podcast","status-publish","has-post-thumbnail","hentry","podcastfilter-linvite-sportif","podcastfilter-montpellier"],"_links":{"self":[{"href":"https:\/\/radio-aviva.com\/perpignan\/wp-json\/wp\/v2\/podcast\/8845","targetHints":{"allow":["GET"]}}],"collection":[{"href":"https:\/\/radio-aviva.com\/perpignan\/wp-json\/wp\/v2\/podcast"}],"about":[{"href":"https:\/\/radio-aviva.com\/perpignan\/wp-json\/wp\/v2\/types\/podcast"}],"author":[{"embeddable":true,"href":"https:\/\/radio-aviva.com\/perpignan\/wp-json\/wp\/v2\/users\/1"}],"version-history":[{"count":0,"href":"https:\/\/radio-aviva.com\/perpignan\/wp-json\/wp\/v2\/podcast\/8845\/revisions"}],"wp:featuredmedia":[{"embeddable":true,"href":"https:\/\/radio-aviva.com\/perpignan\/wp-json\/wp\/v2\/media\/8846"}],"wp:attachment":[{"href":"https:\/\/radio-aviva.com\/perpignan\/wp-json\/wp\/v2\/media?parent=8845"}],"wp:term":[{"taxonomy":"post_tag","embeddable":true,"href":"https:\/\/radio-aviva.com\/perpignan\/wp-json\/wp\/v2\/tags?post=8845"},{"taxonomy":"podcastfilter","embeddable":true,"href":"https:\/\/radio-aviva.com\/perpignan\/wp-json\/wp\/v2\/podcastfilter?post=8845"}],"curies":[{"name":"wp","href":"https:\/\/api.w.org\/{rel}","templated":true}]}}

TRAIL DU LIROU 2024 LES MATELLES  JEAN FRANCOIS MARAMBAUD PRÉSIDENT DE LOS BLANBECKS

<p>&nbsp;</p>
<p>Dans ce nouvel épisode de l&rsquo;invité sportif du mercredi 3 Avril 2024, Sydney Biton reçoit Jean François Marambaud, président de Los Blanbecks.</p>
<p>&nbsp;</p>
<p><a href="https://grandpicsaintloup.fr/evenement/trail-du-lirou-2024/">https://grandpicsaintloup.fr/evenement/trail-du-lirou-2024/</a></p>
