{"id":8917,"date":"2024-04-11T11:30:20","date_gmt":"2024-04-11T09:30:20","guid":{"rendered":"https:\/\/radio-aviva.com\/perpignan\/?post_type=podcast&#038;p=8917"},"modified":"2024-05-06T11:26:15","modified_gmt":"2024-05-06T09:26:15","slug":"39-eme-foirexpo-de-perpignan-christophe-pellegrini-artiste-peintre","status":"publish","type":"podcast","link":"https:\/\/radio-aviva.com\/perpignan\/podcast\/39-eme-foirexpo-de-perpignan-christophe-pellegrini-artiste-peintre\/","title":{"rendered":"39 \u00c8ME FOIREXPO DE PERPIGNAN &#8211; CHRISTOPHE PELLEGRINI, ARTISTE PEINTRE"},"content":{"rendered":"<p>Christophe Pellegrini, artiste peintre et repr\u00e9sentant de l&rsquo;association ART66 nous pr\u00e9sente sa technique et son approche \u00e9cologique de la peinture et de la sculpture.<\/p>\n","protected":false},"author":1,"featured_media":8908,"template":"","tags":[],"podcastfilter":[86,168,190,142,134,109],"class_list":["post-8917","podcast","type-podcast","status-publish","has-post-thumbnail","hentry","podcastfilter-art","podcastfilter-artiste","podcastfilter-association","podcastfilter-ecologie","podcastfilter-exposition","podcastfilter-perpignan"],"_links":{"self":[{"href":"https:\/\/radio-aviva.com\/perpignan\/wp-json\/wp\/v2\/podcast\/8917","targetHints":{"allow":["GET"]}}],"collection":[{"href":"https:\/\/radio-aviva.com\/perpignan\/wp-json\/wp\/v2\/podcast"}],"about":[{"href":"https:\/\/radio-aviva.com\/perpignan\/wp-json\/wp\/v2\/types\/podcast"}],"author":[{"embeddable":true,"href":"https:\/\/radio-aviva.com\/perpignan\/wp-json\/wp\/v2\/users\/1"}],"version-history":[{"count":3,"href":"https:\/\/radio-aviva.com\/perpignan\/wp-json\/wp\/v2\/podcast\/8917\/revisions"}],"predecessor-version":[{"id":9038,"href":"https:\/\/radio-aviva.com\/perpignan\/wp-json\/wp\/v2\/podcast\/8917\/revisions\/9038"}],"wp:featuredmedia":[{"embeddable":true,"href":"https:\/\/radio-aviva.com\/perpignan\/wp-json\/wp\/v2\/media\/8908"}],"wp:attachment":[{"href":"https:\/\/radio-aviva.com\/perpignan\/wp-json\/wp\/v2\/media?parent=8917"}],"wp:term":[{"taxonomy":"post_tag","embeddable":true,"href":"https:\/\/radio-aviva.com\/perpignan\/wp-json\/wp\/v2\/tags?post=8917"},{"taxonomy":"podcastfilter","embeddable":true,"href":"https:\/\/radio-aviva.com\/perpignan\/wp-json\/wp\/v2\/podcastfilter?post=8917"}],"curies":[{"name":"wp","href":"https:\/\/api.w.org\/{rel}","templated":true}]}}

39 ÈME FOIREXPO DE PERPIGNAN &#8211; CHRISTOPHE PELLEGRINI, ARTISTE PEINTRE

<p>Christophe Pellegrini, artiste peintre et représentant de l&rsquo;association ART66 nous présente sa technique et son approche écologique de la peinture et de la sculpture.</p>
