{"id":8932,"date":"2024-04-11T14:00:18","date_gmt":"2024-04-11T12:00:18","guid":{"rendered":"https:\/\/radio-aviva.com\/perpignan\/?post_type=podcast&#038;p=8932"},"modified":"2024-05-06T11:48:21","modified_gmt":"2024-05-06T09:48:21","slug":"39-eme-foirexpo-de-perpignan-david-angelat-responsable-com-au-musee-de-tautavel","status":"publish","type":"podcast","link":"https:\/\/radio-aviva.com\/perpignan\/podcast\/39-eme-foirexpo-de-perpignan-david-angelat-responsable-com-au-musee-de-tautavel\/","title":{"rendered":"39 \u00c8ME FOIREXPO DE PERPIGNAN \u2013 DAVID ANGELAT, RESPONSABLE COMMUNICATION DU MUS\u00c9E DE TAUTAVEL"},"content":{"rendered":"<p>David Angelat, responsable de la communication du mus\u00e9e de Tautavel, a pris la parole pour nous pr\u00e9senter le mus\u00e9e, son actualit\u00e9 et ses \u00e9v\u00e8nements.<\/p>\n","protected":false},"author":1,"featured_media":8908,"template":"","tags":[],"podcastfilter":[195,171,272,143,255,134,144,284,194,109,186,278],"class_list":["post-8932","podcast","type-podcast","status-publish","has-post-thumbnail","hentry","podcastfilter-archeologie","podcastfilter-ateliers","podcastfilter-culture","podcastfilter-environnement","podcastfilter-evenement","podcastfilter-exposition","podcastfilter-histoire","podcastfilter-musee","podcastfilter-occitanie","podcastfilter-perpignan","podcastfilter-pyrenees-orientales-2","podcastfilter-rencontre"],"_links":{"self":[{"href":"https:\/\/radio-aviva.com\/perpignan\/wp-json\/wp\/v2\/podcast\/8932","targetHints":{"allow":["GET"]}}],"collection":[{"href":"https:\/\/radio-aviva.com\/perpignan\/wp-json\/wp\/v2\/podcast"}],"about":[{"href":"https:\/\/radio-aviva.com\/perpignan\/wp-json\/wp\/v2\/types\/podcast"}],"author":[{"embeddable":true,"href":"https:\/\/radio-aviva.com\/perpignan\/wp-json\/wp\/v2\/users\/1"}],"version-history":[{"count":3,"href":"https:\/\/radio-aviva.com\/perpignan\/wp-json\/wp\/v2\/podcast\/8932\/revisions"}],"predecessor-version":[{"id":9049,"href":"https:\/\/radio-aviva.com\/perpignan\/wp-json\/wp\/v2\/podcast\/8932\/revisions\/9049"}],"wp:featuredmedia":[{"embeddable":true,"href":"https:\/\/radio-aviva.com\/perpignan\/wp-json\/wp\/v2\/media\/8908"}],"wp:attachment":[{"href":"https:\/\/radio-aviva.com\/perpignan\/wp-json\/wp\/v2\/media?parent=8932"}],"wp:term":[{"taxonomy":"post_tag","embeddable":true,"href":"https:\/\/radio-aviva.com\/perpignan\/wp-json\/wp\/v2\/tags?post=8932"},{"taxonomy":"podcastfilter","embeddable":true,"href":"https:\/\/radio-aviva.com\/perpignan\/wp-json\/wp\/v2\/podcastfilter?post=8932"}],"curies":[{"name":"wp","href":"https:\/\/api.w.org\/{rel}","templated":true}]}}

39 ÈME FOIREXPO DE PERPIGNAN – DAVID ANGELAT, RESPONSABLE COMMUNICATION DU MUSÉE DE TAUTAVEL

<p>David Angelat, responsable de la communication du musée de Tautavel, a pris la parole pour nous présenter le musée, son actualité et ses évènements.</p>
