{"id":8934,"date":"2024-04-11T14:20:04","date_gmt":"2024-04-11T12:20:04","guid":{"rendered":"https:\/\/radio-aviva.com\/perpignan\/?post_type=podcast&#038;p=8934"},"modified":"2024-04-22T14:53:43","modified_gmt":"2024-04-22T12:53:43","slug":"39-eme-foirexpo-de-perpignan-yann-pons-representant-asso-els-mariners-cebrianens","status":"publish","type":"podcast","link":"https:\/\/radio-aviva.com\/perpignan\/podcast\/39-eme-foirexpo-de-perpignan-yann-pons-representant-asso-els-mariners-cebrianens\/","title":{"rendered":"39 \u00c8ME FOIREXPO DE PERPIGNAN \u2013 YANN PONS, REPRESENTANT ASSO ELS MARINERS CEBRIANENS"},"content":{"rendered":"<p>Yann Pons, repr\u00e9sentant de l&rsquo;association Els Mariners Cebrianens \u00e0 \u00e9tait inviter sur Radio Aviva pour parler et pr\u00e9senter l&rsquo;association et leur revendications.<\/p>\n","protected":false},"author":1,"featured_media":8908,"template":"","tags":[],"podcastfilter":[109,186],"class_list":["post-8934","podcast","type-podcast","status-publish","has-post-thumbnail","hentry","podcastfilter-perpignan","podcastfilter-pyrenees-orientales-2"],"_links":{"self":[{"href":"https:\/\/radio-aviva.com\/perpignan\/wp-json\/wp\/v2\/podcast\/8934","targetHints":{"allow":["GET"]}}],"collection":[{"href":"https:\/\/radio-aviva.com\/perpignan\/wp-json\/wp\/v2\/podcast"}],"about":[{"href":"https:\/\/radio-aviva.com\/perpignan\/wp-json\/wp\/v2\/types\/podcast"}],"author":[{"embeddable":true,"href":"https:\/\/radio-aviva.com\/perpignan\/wp-json\/wp\/v2\/users\/1"}],"version-history":[{"count":0,"href":"https:\/\/radio-aviva.com\/perpignan\/wp-json\/wp\/v2\/podcast\/8934\/revisions"}],"wp:featuredmedia":[{"embeddable":true,"href":"https:\/\/radio-aviva.com\/perpignan\/wp-json\/wp\/v2\/media\/8908"}],"wp:attachment":[{"href":"https:\/\/radio-aviva.com\/perpignan\/wp-json\/wp\/v2\/media?parent=8934"}],"wp:term":[{"taxonomy":"post_tag","embeddable":true,"href":"https:\/\/radio-aviva.com\/perpignan\/wp-json\/wp\/v2\/tags?post=8934"},{"taxonomy":"podcastfilter","embeddable":true,"href":"https:\/\/radio-aviva.com\/perpignan\/wp-json\/wp\/v2\/podcastfilter?post=8934"}],"curies":[{"name":"wp","href":"https:\/\/api.w.org\/{rel}","templated":true}]}}

39 ÈME FOIREXPO DE PERPIGNAN – YANN PONS, REPRESENTANT ASSO ELS MARINERS CEBRIANENS

<p>Yann Pons, représentant de l&rsquo;association Els Mariners Cebrianens à était inviter sur Radio Aviva pour parler et présenter l&rsquo;association et leur revendications.</p>
