{"id":8952,"date":"2024-04-25T11:28:30","date_gmt":"2024-04-25T09:28:30","guid":{"rendered":"https:\/\/radio-aviva.com\/perpignan\/podcast\/tournoi-de-ledenon-patrcik-coutant-president-des-organisations-de-france-moto\/"},"modified":"2024-04-25T11:28:30","modified_gmt":"2024-04-25T09:28:30","slug":"tournoi-de-ledenon-patrcik-coutant-president-des-organisations-de-france-moto","status":"publish","type":"podcast","link":"https:\/\/radio-aviva.com\/perpignan\/podcast\/tournoi-de-ledenon-patrcik-coutant-president-des-organisations-de-france-moto\/","title":{"rendered":"TOURNOI DE LEDENON PATRCIK COUTANT PRESIDENT DES ORGANISATIONS DE FRANCE MOTO"},"content":{"rendered":"<p>&nbsp;<\/p>\n<p>Dans ce nouvel invit\u00e9 sportif de ce jeudi 25 avril 2024, Sydney Biton re\u00e7oit Patrick Coutant, pr\u00e9sident des organisations de France moto.<\/p>\n","protected":false},"author":1,"featured_media":8953,"template":"","tags":[],"podcastfilter":[187,188],"class_list":["post-8952","podcast","type-podcast","status-publish","has-post-thumbnail","hentry","podcastfilter-linvite-sportif","podcastfilter-sport"],"_links":{"self":[{"href":"https:\/\/radio-aviva.com\/perpignan\/wp-json\/wp\/v2\/podcast\/8952","targetHints":{"allow":["GET"]}}],"collection":[{"href":"https:\/\/radio-aviva.com\/perpignan\/wp-json\/wp\/v2\/podcast"}],"about":[{"href":"https:\/\/radio-aviva.com\/perpignan\/wp-json\/wp\/v2\/types\/podcast"}],"author":[{"embeddable":true,"href":"https:\/\/radio-aviva.com\/perpignan\/wp-json\/wp\/v2\/users\/1"}],"version-history":[{"count":0,"href":"https:\/\/radio-aviva.com\/perpignan\/wp-json\/wp\/v2\/podcast\/8952\/revisions"}],"wp:featuredmedia":[{"embeddable":true,"href":"https:\/\/radio-aviva.com\/perpignan\/wp-json\/wp\/v2\/media\/8953"}],"wp:attachment":[{"href":"https:\/\/radio-aviva.com\/perpignan\/wp-json\/wp\/v2\/media?parent=8952"}],"wp:term":[{"taxonomy":"post_tag","embeddable":true,"href":"https:\/\/radio-aviva.com\/perpignan\/wp-json\/wp\/v2\/tags?post=8952"},{"taxonomy":"podcastfilter","embeddable":true,"href":"https:\/\/radio-aviva.com\/perpignan\/wp-json\/wp\/v2\/podcastfilter?post=8952"}],"curies":[{"name":"wp","href":"https:\/\/api.w.org\/{rel}","templated":true}]}}

<p>&nbsp;</p>
<p>Dans ce nouvel invité sportif de ce jeudi 25 avril 2024, Sydney Biton reçoit Patrick Coutant, président des organisations de France moto.</p>
