{"id":8969,"date":"2024-04-05T12:07:00","date_gmt":"2024-04-05T10:07:00","guid":{"rendered":"https:\/\/radio-aviva.com\/perpignan\/?post_type=podcast&#038;p=8969"},"modified":"2024-04-26T10:37:00","modified_gmt":"2024-04-26T08:37:00","slug":"debat-public-mouvement-eu-6611-m-garcia-presidente","status":"publish","type":"podcast","link":"https:\/\/radio-aviva.com\/perpignan\/podcast\/debat-public-mouvement-eu-6611-m-garcia-presidente\/","title":{"rendered":"DEBAT PUBLIC MOUVEMENT EU 66+11 &#8211; M GARCIA, PRESIDENTE"},"content":{"rendered":"<p>D\u00e9bat public \u00e0 Perpignan ouvert \u00e0 tous et gratuit sur la transition \u00e9cologique<\/p>\n","protected":false},"author":1,"featured_media":8970,"template":"","tags":[],"podcastfilter":[190,143,135,109,186],"class_list":["post-8969","podcast","type-podcast","status-publish","has-post-thumbnail","hentry","podcastfilter-association","podcastfilter-environnement","podcastfilter-linvite-de-la-redaction","podcastfilter-perpignan","podcastfilter-pyrenees-orientales-2"],"_links":{"self":[{"href":"https:\/\/radio-aviva.com\/perpignan\/wp-json\/wp\/v2\/podcast\/8969","targetHints":{"allow":["GET"]}}],"collection":[{"href":"https:\/\/radio-aviva.com\/perpignan\/wp-json\/wp\/v2\/podcast"}],"about":[{"href":"https:\/\/radio-aviva.com\/perpignan\/wp-json\/wp\/v2\/types\/podcast"}],"author":[{"embeddable":true,"href":"https:\/\/radio-aviva.com\/perpignan\/wp-json\/wp\/v2\/users\/1"}],"version-history":[{"count":0,"href":"https:\/\/radio-aviva.com\/perpignan\/wp-json\/wp\/v2\/podcast\/8969\/revisions"}],"wp:featuredmedia":[{"embeddable":true,"href":"https:\/\/radio-aviva.com\/perpignan\/wp-json\/wp\/v2\/media\/8970"}],"wp:attachment":[{"href":"https:\/\/radio-aviva.com\/perpignan\/wp-json\/wp\/v2\/media?parent=8969"}],"wp:term":[{"taxonomy":"post_tag","embeddable":true,"href":"https:\/\/radio-aviva.com\/perpignan\/wp-json\/wp\/v2\/tags?post=8969"},{"taxonomy":"podcastfilter","embeddable":true,"href":"https:\/\/radio-aviva.com\/perpignan\/wp-json\/wp\/v2\/podcastfilter?post=8969"}],"curies":[{"name":"wp","href":"https:\/\/api.w.org\/{rel}","templated":true}]}}

<p>Débat public à Perpignan ouvert à tous et gratuit sur la transition écologique</p>
