{"id":8982,"date":"2024-04-11T15:40:26","date_gmt":"2024-04-11T13:40:26","guid":{"rendered":"https:\/\/radio-aviva.com\/perpignan\/?post_type=podcast&#038;p=8982"},"modified":"2024-04-30T11:07:11","modified_gmt":"2024-04-30T09:07:11","slug":"39-eme-foirexpo-de-perpignan-marwa-sylvestre-fondatrice-de-bambinos","status":"publish","type":"podcast","link":"https:\/\/radio-aviva.com\/perpignan\/podcast\/39-eme-foirexpo-de-perpignan-marwa-sylvestre-fondatrice-de-bambinos\/","title":{"rendered":"39 \u00c8ME FOIREXPO DE PERPIGNAN \u2013 MARWA SYLVESTRE, FONDATRICE DE BAMBINOS"},"content":{"rendered":"<p>Nous avons le plaisir d&rsquo;accueillir Marwa Sylvestre, fondatrice de Bambinos, qui \u00e9tait pr\u00e9sente \u00e0 la foire pour offrir une heure de garde d&rsquo;enfant gratuite. Au cours de cette interview, Marwa nous \u00e9claire sur la mission de Bambinos et les avantages qu&rsquo;elle apporte aux familles.<\/p>\n","protected":false},"author":1,"featured_media":8908,"template":"","tags":[],"podcastfilter":[134,109],"class_list":["post-8982","podcast","type-podcast","status-publish","has-post-thumbnail","hentry","podcastfilter-exposition","podcastfilter-perpignan"],"_links":{"self":[{"href":"https:\/\/radio-aviva.com\/perpignan\/wp-json\/wp\/v2\/podcast\/8982","targetHints":{"allow":["GET"]}}],"collection":[{"href":"https:\/\/radio-aviva.com\/perpignan\/wp-json\/wp\/v2\/podcast"}],"about":[{"href":"https:\/\/radio-aviva.com\/perpignan\/wp-json\/wp\/v2\/types\/podcast"}],"author":[{"embeddable":true,"href":"https:\/\/radio-aviva.com\/perpignan\/wp-json\/wp\/v2\/users\/1"}],"version-history":[{"count":0,"href":"https:\/\/radio-aviva.com\/perpignan\/wp-json\/wp\/v2\/podcast\/8982\/revisions"}],"wp:featuredmedia":[{"embeddable":true,"href":"https:\/\/radio-aviva.com\/perpignan\/wp-json\/wp\/v2\/media\/8908"}],"wp:attachment":[{"href":"https:\/\/radio-aviva.com\/perpignan\/wp-json\/wp\/v2\/media?parent=8982"}],"wp:term":[{"taxonomy":"post_tag","embeddable":true,"href":"https:\/\/radio-aviva.com\/perpignan\/wp-json\/wp\/v2\/tags?post=8982"},{"taxonomy":"podcastfilter","embeddable":true,"href":"https:\/\/radio-aviva.com\/perpignan\/wp-json\/wp\/v2\/podcastfilter?post=8982"}],"curies":[{"name":"wp","href":"https:\/\/api.w.org\/{rel}","templated":true}]}}

39 ÈME FOIREXPO DE PERPIGNAN – MARWA SYLVESTRE, FONDATRICE DE BAMBINOS

<p>Nous avons le plaisir d&rsquo;accueillir Marwa Sylvestre, fondatrice de Bambinos, qui était présente à la foire pour offrir une heure de garde d&rsquo;enfant gratuite. Au cours de cette interview, Marwa nous éclaire sur la mission de Bambinos et les avantages qu&rsquo;elle apporte aux familles.</p>
