{"id":9002,"date":"2024-04-30T17:15:34","date_gmt":"2024-04-30T15:15:34","guid":{"rendered":"https:\/\/radio-aviva.com\/perpignan\/?post_type=podcast&#038;p=9002"},"modified":"2024-12-05T13:03:14","modified_gmt":"2024-12-05T12:03:14","slug":"la-detection-de-potentiel-julia-conseillere-france-travail","status":"publish","type":"podcast","link":"https:\/\/radio-aviva.com\/perpignan\/podcast\/la-detection-de-potentiel-julia-conseillere-france-travail\/","title":{"rendered":"LA DETECTION DE POTENTIEL &#8211; JULIA, CONSEILLERE FRANCE TRAVAIL"},"content":{"rendered":"<p>Dans cette \u00e9mission nous recevons Julia, conseill\u00e8re France Travail, au sujet de la d\u00e9tection de potentiel.<\/p>\n","protected":false},"author":338,"featured_media":9006,"template":"","tags":[],"podcastfilter":[308,302],"class_list":["post-9002","podcast","type-podcast","status-publish","has-post-thumbnail","hentry","podcastfilter-france-travail","podcastfilter-quelques-minutes-pour-lemploi"],"_links":{"self":[{"href":"https:\/\/radio-aviva.com\/perpignan\/wp-json\/wp\/v2\/podcast\/9002","targetHints":{"allow":["GET"]}}],"collection":[{"href":"https:\/\/radio-aviva.com\/perpignan\/wp-json\/wp\/v2\/podcast"}],"about":[{"href":"https:\/\/radio-aviva.com\/perpignan\/wp-json\/wp\/v2\/types\/podcast"}],"author":[{"embeddable":true,"href":"https:\/\/radio-aviva.com\/perpignan\/wp-json\/wp\/v2\/users\/338"}],"version-history":[{"count":1,"href":"https:\/\/radio-aviva.com\/perpignan\/wp-json\/wp\/v2\/podcast\/9002\/revisions"}],"predecessor-version":[{"id":10549,"href":"https:\/\/radio-aviva.com\/perpignan\/wp-json\/wp\/v2\/podcast\/9002\/revisions\/10549"}],"wp:featuredmedia":[{"embeddable":true,"href":"https:\/\/radio-aviva.com\/perpignan\/wp-json\/wp\/v2\/media\/9006"}],"wp:attachment":[{"href":"https:\/\/radio-aviva.com\/perpignan\/wp-json\/wp\/v2\/media?parent=9002"}],"wp:term":[{"taxonomy":"post_tag","embeddable":true,"href":"https:\/\/radio-aviva.com\/perpignan\/wp-json\/wp\/v2\/tags?post=9002"},{"taxonomy":"podcastfilter","embeddable":true,"href":"https:\/\/radio-aviva.com\/perpignan\/wp-json\/wp\/v2\/podcastfilter?post=9002"}],"curies":[{"name":"wp","href":"https:\/\/api.w.org\/{rel}","templated":true}]}}

<p>Dans cette émission nous recevons Julia, conseillère France Travail, au sujet de la détection de potentiel.</p>
