{"id":9063,"date":"2024-05-07T12:33:15","date_gmt":"2024-05-07T10:33:15","guid":{"rendered":"https:\/\/radio-aviva.com\/perpignan\/podcast\/partenariat-enedis-joseph-ville-flayoux-vice-president-de-hurricane-group\/"},"modified":"2024-05-07T12:33:15","modified_gmt":"2024-05-07T10:33:15","slug":"partenariat-enedis-joseph-ville-flayoux-vice-president-de-hurricane-group","status":"publish","type":"podcast","link":"https:\/\/radio-aviva.com\/perpignan\/podcast\/partenariat-enedis-joseph-ville-flayoux-vice-president-de-hurricane-group\/","title":{"rendered":"PARTENARIAT ENEDIS &#8211; JOSEPH VILLE FLAYOUX, VICE PRESIDENT DE HURRICANE GROUP"},"content":{"rendered":"<p>&nbsp;<\/p>\n<p>Dans ce nouvel \u00e9pisode de l&rsquo;invit\u00e9 sportif de ce mardi 7 mai 2024, Sidney Biton re\u00e7oit Joseph Ville Flayoux vice pr\u00e9sident de Hurricane group.<\/p>\n","protected":false},"author":1,"featured_media":9064,"template":"","tags":[],"podcastfilter":[187,188],"class_list":["post-9063","podcast","type-podcast","status-publish","has-post-thumbnail","hentry","podcastfilter-linvite-sportif","podcastfilter-sport"],"_links":{"self":[{"href":"https:\/\/radio-aviva.com\/perpignan\/wp-json\/wp\/v2\/podcast\/9063","targetHints":{"allow":["GET"]}}],"collection":[{"href":"https:\/\/radio-aviva.com\/perpignan\/wp-json\/wp\/v2\/podcast"}],"about":[{"href":"https:\/\/radio-aviva.com\/perpignan\/wp-json\/wp\/v2\/types\/podcast"}],"author":[{"embeddable":true,"href":"https:\/\/radio-aviva.com\/perpignan\/wp-json\/wp\/v2\/users\/1"}],"version-history":[{"count":0,"href":"https:\/\/radio-aviva.com\/perpignan\/wp-json\/wp\/v2\/podcast\/9063\/revisions"}],"wp:featuredmedia":[{"embeddable":true,"href":"https:\/\/radio-aviva.com\/perpignan\/wp-json\/wp\/v2\/media\/9064"}],"wp:attachment":[{"href":"https:\/\/radio-aviva.com\/perpignan\/wp-json\/wp\/v2\/media?parent=9063"}],"wp:term":[{"taxonomy":"post_tag","embeddable":true,"href":"https:\/\/radio-aviva.com\/perpignan\/wp-json\/wp\/v2\/tags?post=9063"},{"taxonomy":"podcastfilter","embeddable":true,"href":"https:\/\/radio-aviva.com\/perpignan\/wp-json\/wp\/v2\/podcastfilter?post=9063"}],"curies":[{"name":"wp","href":"https:\/\/api.w.org\/{rel}","templated":true}]}}

<p>&nbsp;</p>
<p>Dans ce nouvel épisode de l&rsquo;invité sportif de ce mardi 7 mai 2024, Sidney Biton reçoit Joseph Ville Flayoux vice président de Hurricane group.</p>
