{"id":9067,"date":"2024-05-10T10:40:56","date_gmt":"2024-05-10T08:40:56","guid":{"rendered":"https:\/\/radio-aviva.com\/perpignan\/?post_type=podcast&#038;p=9067"},"modified":"2024-05-10T10:40:56","modified_gmt":"2024-05-10T08:40:56","slug":"histoire-cdha-actions-futures-martine-ivara-vice-presidente-du-cdha","status":"publish","type":"podcast","link":"https:\/\/radio-aviva.com\/perpignan\/podcast\/histoire-cdha-actions-futures-martine-ivara-vice-presidente-du-cdha\/","title":{"rendered":"HISTOIRE CDHA, ACTIONS FUTURES &#8211; MARTINE IVARA, VICE PRESIDENTE DU CDHA"},"content":{"rendered":"<p>Dans cet \u00e9pisode nous recevons Martine IVARA, vice pr\u00e9sidente du CDHA (Centre de Documentation Historique sur l&rsquo;Alg\u00e9rie).<\/p>\n","protected":false},"author":338,"featured_media":9068,"template":"","tags":[],"podcastfilter":[135],"class_list":["post-9067","podcast","type-podcast","status-publish","has-post-thumbnail","hentry","podcastfilter-linvite-de-la-redaction"],"_links":{"self":[{"href":"https:\/\/radio-aviva.com\/perpignan\/wp-json\/wp\/v2\/podcast\/9067","targetHints":{"allow":["GET"]}}],"collection":[{"href":"https:\/\/radio-aviva.com\/perpignan\/wp-json\/wp\/v2\/podcast"}],"about":[{"href":"https:\/\/radio-aviva.com\/perpignan\/wp-json\/wp\/v2\/types\/podcast"}],"author":[{"embeddable":true,"href":"https:\/\/radio-aviva.com\/perpignan\/wp-json\/wp\/v2\/users\/338"}],"version-history":[{"count":1,"href":"https:\/\/radio-aviva.com\/perpignan\/wp-json\/wp\/v2\/podcast\/9067\/revisions"}],"predecessor-version":[{"id":9069,"href":"https:\/\/radio-aviva.com\/perpignan\/wp-json\/wp\/v2\/podcast\/9067\/revisions\/9069"}],"wp:featuredmedia":[{"embeddable":true,"href":"https:\/\/radio-aviva.com\/perpignan\/wp-json\/wp\/v2\/media\/9068"}],"wp:attachment":[{"href":"https:\/\/radio-aviva.com\/perpignan\/wp-json\/wp\/v2\/media?parent=9067"}],"wp:term":[{"taxonomy":"post_tag","embeddable":true,"href":"https:\/\/radio-aviva.com\/perpignan\/wp-json\/wp\/v2\/tags?post=9067"},{"taxonomy":"podcastfilter","embeddable":true,"href":"https:\/\/radio-aviva.com\/perpignan\/wp-json\/wp\/v2\/podcastfilter?post=9067"}],"curies":[{"name":"wp","href":"https:\/\/api.w.org\/{rel}","templated":true}]}}

<p>Dans cet épisode nous recevons Martine IVARA, vice présidente du CDHA (Centre de Documentation Historique sur l&rsquo;Algérie).</p>
