{"id":9082,"date":"2024-05-15T11:16:29","date_gmt":"2024-05-15T09:16:29","guid":{"rendered":"https:\/\/radio-aviva.com\/perpignan\/podcast\/sa-reconversion-apres-et-pendant-sa-carriere-jimmy-vienot-champion-monde-kick-boxing\/"},"modified":"2024-05-15T11:16:29","modified_gmt":"2024-05-15T09:16:29","slug":"sa-reconversion-apres-et-pendant-sa-carriere-jimmy-vienot-champion-monde-kick-boxing","status":"publish","type":"podcast","link":"https:\/\/radio-aviva.com\/perpignan\/podcast\/sa-reconversion-apres-et-pendant-sa-carriere-jimmy-vienot-champion-monde-kick-boxing\/","title":{"rendered":"SA RECONVERSION APRES ET PENDANT SA CARRIERE JIMMY VIENOT, CHAMPION MONDE KICK BOXING"},"content":{"rendered":"<p>&nbsp;<\/p>\n<p>Dans ce nouvel \u00e9pisode de l&rsquo;invit\u00e9 sportif de ce mercredi 15 mai 2024, Sydney Biton re\u00e7oit Jimmy Vienot, champion du monde de Kick Boxing.<\/p>\n","protected":false},"author":1,"featured_media":9083,"template":"","tags":[],"podcastfilter":[187,188],"class_list":["post-9082","podcast","type-podcast","status-publish","has-post-thumbnail","hentry","podcastfilter-linvite-sportif","podcastfilter-sport"],"_links":{"self":[{"href":"https:\/\/radio-aviva.com\/perpignan\/wp-json\/wp\/v2\/podcast\/9082","targetHints":{"allow":["GET"]}}],"collection":[{"href":"https:\/\/radio-aviva.com\/perpignan\/wp-json\/wp\/v2\/podcast"}],"about":[{"href":"https:\/\/radio-aviva.com\/perpignan\/wp-json\/wp\/v2\/types\/podcast"}],"author":[{"embeddable":true,"href":"https:\/\/radio-aviva.com\/perpignan\/wp-json\/wp\/v2\/users\/1"}],"version-history":[{"count":0,"href":"https:\/\/radio-aviva.com\/perpignan\/wp-json\/wp\/v2\/podcast\/9082\/revisions"}],"wp:featuredmedia":[{"embeddable":true,"href":"https:\/\/radio-aviva.com\/perpignan\/wp-json\/wp\/v2\/media\/9083"}],"wp:attachment":[{"href":"https:\/\/radio-aviva.com\/perpignan\/wp-json\/wp\/v2\/media?parent=9082"}],"wp:term":[{"taxonomy":"post_tag","embeddable":true,"href":"https:\/\/radio-aviva.com\/perpignan\/wp-json\/wp\/v2\/tags?post=9082"},{"taxonomy":"podcastfilter","embeddable":true,"href":"https:\/\/radio-aviva.com\/perpignan\/wp-json\/wp\/v2\/podcastfilter?post=9082"}],"curies":[{"name":"wp","href":"https:\/\/api.w.org\/{rel}","templated":true}]}}

<p>&nbsp;</p>
<p>Dans ce nouvel épisode de l&rsquo;invité sportif de ce mercredi 15 mai 2024, Sydney Biton reçoit Jimmy Vienot, champion du monde de Kick Boxing.</p>
