{"id":9110,"date":"2024-04-12T10:30:08","date_gmt":"2024-04-12T08:30:08","guid":{"rendered":"https:\/\/radio-aviva.com\/perpignan\/?post_type=podcast&#038;p=9110"},"modified":"2024-05-21T13:48:36","modified_gmt":"2024-05-21T11:48:36","slug":"39-eme-foirexpo-de-perpignan-bruno-prats-secretaire-de-lassociation-thot","status":"publish","type":"podcast","link":"https:\/\/radio-aviva.com\/perpignan\/podcast\/39-eme-foirexpo-de-perpignan-bruno-prats-secretaire-de-lassociation-thot\/","title":{"rendered":"39 \u00c8ME FOIREXPO DE PERPIGNAN \u2013 BRUNO PRATS, SECR\u00c9TAIRE DE L&rsquo;ASSOCIATION THOT"},"content":{"rendered":"<p>Bruno Prats, secr\u00e9taire de la jeune association Thot, nous parle de la promotion et de la relance des m\u00e9tiers d&rsquo;art, de l&rsquo;artisanat et de l&rsquo;artistique lors de la Foire Expo \u00e0 Perpignan, o\u00f9 il a \u00e9t\u00e9 invit\u00e9 au micro de Radio Aviva.<\/p>\n","protected":false},"author":1,"featured_media":8908,"template":"","tags":[],"podcastfilter":[86,134,88,109,186,148],"class_list":["post-9110","podcast","type-podcast","status-publish","has-post-thumbnail","hentry","podcastfilter-art","podcastfilter-exposition","podcastfilter-musique","podcastfilter-perpignan","podcastfilter-pyrenees-orientales-2","podcastfilter-voix-des-assos"],"_links":{"self":[{"href":"https:\/\/radio-aviva.com\/perpignan\/wp-json\/wp\/v2\/podcast\/9110","targetHints":{"allow":["GET"]}}],"collection":[{"href":"https:\/\/radio-aviva.com\/perpignan\/wp-json\/wp\/v2\/podcast"}],"about":[{"href":"https:\/\/radio-aviva.com\/perpignan\/wp-json\/wp\/v2\/types\/podcast"}],"author":[{"embeddable":true,"href":"https:\/\/radio-aviva.com\/perpignan\/wp-json\/wp\/v2\/users\/1"}],"version-history":[{"count":2,"href":"https:\/\/radio-aviva.com\/perpignan\/wp-json\/wp\/v2\/podcast\/9110\/revisions"}],"predecessor-version":[{"id":9161,"href":"https:\/\/radio-aviva.com\/perpignan\/wp-json\/wp\/v2\/podcast\/9110\/revisions\/9161"}],"wp:featuredmedia":[{"embeddable":true,"href":"https:\/\/radio-aviva.com\/perpignan\/wp-json\/wp\/v2\/media\/8908"}],"wp:attachment":[{"href":"https:\/\/radio-aviva.com\/perpignan\/wp-json\/wp\/v2\/media?parent=9110"}],"wp:term":[{"taxonomy":"post_tag","embeddable":true,"href":"https:\/\/radio-aviva.com\/perpignan\/wp-json\/wp\/v2\/tags?post=9110"},{"taxonomy":"podcastfilter","embeddable":true,"href":"https:\/\/radio-aviva.com\/perpignan\/wp-json\/wp\/v2\/podcastfilter?post=9110"}],"curies":[{"name":"wp","href":"https:\/\/api.w.org\/{rel}","templated":true}]}}

39 ÈME FOIREXPO DE PERPIGNAN – BRUNO PRATS, SECRÉTAIRE DE L&rsquo;ASSOCIATION THOT

<p>Bruno Prats, secrétaire de la jeune association Thot, nous parle de la promotion et de la relance des métiers d&rsquo;art, de l&rsquo;artisanat et de l&rsquo;artistique lors de la Foire Expo à Perpignan, où il a été invité au micro de Radio Aviva.</p>
