{"id":9121,"date":"2024-04-12T10:40:18","date_gmt":"2024-04-12T08:40:18","guid":{"rendered":"https:\/\/radio-aviva.com\/perpignan\/?post_type=podcast&#038;p=9121"},"modified":"2024-05-21T13:40:59","modified_gmt":"2024-05-21T11:40:59","slug":"39-eme-foirexpo-de-perpignan-cyril-vaccaro-directeur-decozonia-ecoparc-animalier","status":"publish","type":"podcast","link":"https:\/\/radio-aviva.com\/perpignan\/podcast\/39-eme-foirexpo-de-perpignan-cyril-vaccaro-directeur-decozonia-ecoparc-animalier\/","title":{"rendered":"39 \u00c8ME FOIREXPO DE PERPIGNAN \u2013 CYRIL VACCARO, DIRECTEUR D&rsquo;ECOZONIA, \u00c9COPARC ANIMALIER"},"content":{"rendered":"<p>Invit\u00e9 au micro de Radio Aviva Perpignan, Cyril Vaccaro, directeur d&rsquo;EcoZonia, \u00e9coparc animalier d\u00e9di\u00e9 \u00e0 la conservation et \u00e0 la protection des pr\u00e9dateurs menac\u00e9s \u00e0 Cases-De-P\u00e8ne, nous parle de la mission et des initiatives de ce parc unique en Europe lors de la Foire Expo \u00e0 Perpignan.<\/p>\n","protected":false},"author":1,"featured_media":8908,"template":"","tags":[],"podcastfilter":[161,143,134,109,186],"class_list":["post-9121","podcast","type-podcast","status-publish","has-post-thumbnail","hentry","podcastfilter-animaux","podcastfilter-environnement","podcastfilter-exposition","podcastfilter-perpignan","podcastfilter-pyrenees-orientales-2"],"_links":{"self":[{"href":"https:\/\/radio-aviva.com\/perpignan\/wp-json\/wp\/v2\/podcast\/9121","targetHints":{"allow":["GET"]}}],"collection":[{"href":"https:\/\/radio-aviva.com\/perpignan\/wp-json\/wp\/v2\/podcast"}],"about":[{"href":"https:\/\/radio-aviva.com\/perpignan\/wp-json\/wp\/v2\/types\/podcast"}],"author":[{"embeddable":true,"href":"https:\/\/radio-aviva.com\/perpignan\/wp-json\/wp\/v2\/users\/1"}],"version-history":[{"count":2,"href":"https:\/\/radio-aviva.com\/perpignan\/wp-json\/wp\/v2\/podcast\/9121\/revisions"}],"predecessor-version":[{"id":9157,"href":"https:\/\/radio-aviva.com\/perpignan\/wp-json\/wp\/v2\/podcast\/9121\/revisions\/9157"}],"wp:featuredmedia":[{"embeddable":true,"href":"https:\/\/radio-aviva.com\/perpignan\/wp-json\/wp\/v2\/media\/8908"}],"wp:attachment":[{"href":"https:\/\/radio-aviva.com\/perpignan\/wp-json\/wp\/v2\/media?parent=9121"}],"wp:term":[{"taxonomy":"post_tag","embeddable":true,"href":"https:\/\/radio-aviva.com\/perpignan\/wp-json\/wp\/v2\/tags?post=9121"},{"taxonomy":"podcastfilter","embeddable":true,"href":"https:\/\/radio-aviva.com\/perpignan\/wp-json\/wp\/v2\/podcastfilter?post=9121"}],"curies":[{"name":"wp","href":"https:\/\/api.w.org\/{rel}","templated":true}]}}

39 ÈME FOIREXPO DE PERPIGNAN – CYRIL VACCARO, DIRECTEUR D&rsquo;ECOZONIA, ÉCOPARC ANIMALIER

<p>Invité au micro de Radio Aviva Perpignan, Cyril Vaccaro, directeur d&rsquo;EcoZonia, écoparc animalier dédié à la conservation et à la protection des prédateurs menacés à Cases-De-Pène, nous parle de la mission et des initiatives de ce parc unique en Europe lors de la Foire Expo à Perpignan.</p>
