{"id":9146,"date":"2024-04-12T11:20:12","date_gmt":"2024-04-12T09:20:12","guid":{"rendered":"https:\/\/radio-aviva.com\/perpignan\/?post_type=podcast&#038;p=9146"},"modified":"2024-05-21T13:36:36","modified_gmt":"2024-05-21T11:36:36","slug":"39-eme-foirexpo-de-perpignan-jean-rene-auge-directeur-de-publication-chez-roussillon-mag","status":"publish","type":"podcast","link":"https:\/\/radio-aviva.com\/perpignan\/podcast\/39-eme-foirexpo-de-perpignan-jean-rene-auge-directeur-de-publication-chez-roussillon-mag\/","title":{"rendered":"39 \u00c8ME FOIREXPO DE PERPIGNAN \u2013 JEAN-REN\u00c9 AUG\u00c9, DIRECTEUR DE PUBLICATION CHEZ ROUSSILLON MAG"},"content":{"rendered":"<p>Jean-Ren\u00e9 Aug\u00e9, directeur de publication chez Roussillon Mag, nous a fait l&rsquo;honneur de venir parler du magazine local au micro de Radio Aviva Perpignan lors de cette 39\u00e8me \u00e9dition de la foire expo \u00e0 Perpignan.<\/p>\n","protected":false},"author":1,"featured_media":8908,"template":"","tags":[],"podcastfilter":[134,132,123,109,186],"class_list":["post-9146","podcast","type-podcast","status-publish","has-post-thumbnail","hentry","podcastfilter-exposition","podcastfilter-magazine-culturel","podcastfilter-magazine-economique-politique","podcastfilter-perpignan","podcastfilter-pyrenees-orientales-2"],"_links":{"self":[{"href":"https:\/\/radio-aviva.com\/perpignan\/wp-json\/wp\/v2\/podcast\/9146","targetHints":{"allow":["GET"]}}],"collection":[{"href":"https:\/\/radio-aviva.com\/perpignan\/wp-json\/wp\/v2\/podcast"}],"about":[{"href":"https:\/\/radio-aviva.com\/perpignan\/wp-json\/wp\/v2\/types\/podcast"}],"author":[{"embeddable":true,"href":"https:\/\/radio-aviva.com\/perpignan\/wp-json\/wp\/v2\/users\/1"}],"version-history":[{"count":2,"href":"https:\/\/radio-aviva.com\/perpignan\/wp-json\/wp\/v2\/podcast\/9146\/revisions"}],"predecessor-version":[{"id":9154,"href":"https:\/\/radio-aviva.com\/perpignan\/wp-json\/wp\/v2\/podcast\/9146\/revisions\/9154"}],"wp:featuredmedia":[{"embeddable":true,"href":"https:\/\/radio-aviva.com\/perpignan\/wp-json\/wp\/v2\/media\/8908"}],"wp:attachment":[{"href":"https:\/\/radio-aviva.com\/perpignan\/wp-json\/wp\/v2\/media?parent=9146"}],"wp:term":[{"taxonomy":"post_tag","embeddable":true,"href":"https:\/\/radio-aviva.com\/perpignan\/wp-json\/wp\/v2\/tags?post=9146"},{"taxonomy":"podcastfilter","embeddable":true,"href":"https:\/\/radio-aviva.com\/perpignan\/wp-json\/wp\/v2\/podcastfilter?post=9146"}],"curies":[{"name":"wp","href":"https:\/\/api.w.org\/{rel}","templated":true}]}}

39 ÈME FOIREXPO DE PERPIGNAN – JEAN-RENÉ AUGÉ, DIRECTEUR DE PUBLICATION CHEZ ROUSSILLON MAG

<p>Jean-René Augé, directeur de publication chez Roussillon Mag, nous a fait l&rsquo;honneur de venir parler du magazine local au micro de Radio Aviva Perpignan lors de cette 39ème édition de la foire expo à Perpignan.</p>
