{"id":9164,"date":"2024-04-12T12:00:00","date_gmt":"2024-04-12T10:00:00","guid":{"rendered":"https:\/\/radio-aviva.com\/perpignan\/?post_type=podcast&#038;p=9164"},"modified":"2024-05-22T10:36:49","modified_gmt":"2024-05-22T08:36:49","slug":"39-eme-foirexpo-de-perpignan-patrice-donot-responsable-du-festival-coq-nroll","status":"publish","type":"podcast","link":"https:\/\/radio-aviva.com\/perpignan\/podcast\/39-eme-foirexpo-de-perpignan-patrice-donot-responsable-du-festival-coq-nroll\/","title":{"rendered":"39 \u00c8ME FOIREXPO DE PERPIGNAN \u2013 PATRICE DONOT, RESPONSABLE DU FESTIVAL COQ N&rsquo;ROLL"},"content":{"rendered":"<p>Patrice Donot, responsable du festival Coq N&rsquo;Roll a \u00e9t\u00e9 notre invit\u00e9 \u00e0 Radio Aviva Perpignan. Lors de cette 39\u00e8me \u00e9dition de cette foire expo, il nous a expliqu\u00e9 en d\u00e9tail les motivations qui les pousses \u00e0 faire une troisi\u00e8me \u00e9dition de ce festival de rock&rsquo;n&rsquo;roll.<\/p>\n","protected":false},"author":1,"featured_media":8908,"template":"","tags":[],"podcastfilter":[134,167,109,186],"class_list":["post-9164","podcast","type-podcast","status-publish","has-post-thumbnail","hentry","podcastfilter-exposition","podcastfilter-festival","podcastfilter-perpignan","podcastfilter-pyrenees-orientales-2"],"_links":{"self":[{"href":"https:\/\/radio-aviva.com\/perpignan\/wp-json\/wp\/v2\/podcast\/9164","targetHints":{"allow":["GET"]}}],"collection":[{"href":"https:\/\/radio-aviva.com\/perpignan\/wp-json\/wp\/v2\/podcast"}],"about":[{"href":"https:\/\/radio-aviva.com\/perpignan\/wp-json\/wp\/v2\/types\/podcast"}],"author":[{"embeddable":true,"href":"https:\/\/radio-aviva.com\/perpignan\/wp-json\/wp\/v2\/users\/1"}],"version-history":[{"count":1,"href":"https:\/\/radio-aviva.com\/perpignan\/wp-json\/wp\/v2\/podcast\/9164\/revisions"}],"predecessor-version":[{"id":9165,"href":"https:\/\/radio-aviva.com\/perpignan\/wp-json\/wp\/v2\/podcast\/9164\/revisions\/9165"}],"wp:featuredmedia":[{"embeddable":true,"href":"https:\/\/radio-aviva.com\/perpignan\/wp-json\/wp\/v2\/media\/8908"}],"wp:attachment":[{"href":"https:\/\/radio-aviva.com\/perpignan\/wp-json\/wp\/v2\/media?parent=9164"}],"wp:term":[{"taxonomy":"post_tag","embeddable":true,"href":"https:\/\/radio-aviva.com\/perpignan\/wp-json\/wp\/v2\/tags?post=9164"},{"taxonomy":"podcastfilter","embeddable":true,"href":"https:\/\/radio-aviva.com\/perpignan\/wp-json\/wp\/v2\/podcastfilter?post=9164"}],"curies":[{"name":"wp","href":"https:\/\/api.w.org\/{rel}","templated":true}]}}

39 ÈME FOIREXPO DE PERPIGNAN – PATRICE DONOT, RESPONSABLE DU FESTIVAL COQ N&rsquo;ROLL

<p>Patrice Donot, responsable du festival Coq N&rsquo;Roll a été notre invité à Radio Aviva Perpignan. Lors de cette 39ème édition de cette foire expo, il nous a expliqué en détail les motivations qui les pousses à faire une troisième édition de ce festival de rock&rsquo;n&rsquo;roll.</p>
