{"id":9180,"date":"2024-04-12T14:50:39","date_gmt":"2024-04-12T12:50:39","guid":{"rendered":"https:\/\/radio-aviva.com\/perpignan\/?post_type=podcast&#038;p=9180"},"modified":"2024-05-23T14:24:39","modified_gmt":"2024-05-23T12:24:39","slug":"39-eme-foirexpo-de-perpignan-tiffany-vailier-presidente-et-dominique-chaudoin-membre-de-lassociation-agithe","status":"publish","type":"podcast","link":"https:\/\/radio-aviva.com\/perpignan\/podcast\/39-eme-foirexpo-de-perpignan-tiffany-vailier-presidente-et-dominique-chaudoin-membre-de-lassociation-agithe\/","title":{"rendered":"39 \u00c8ME FOIREXPO DE PERPIGNAN \u2013 TIFFANY VAILIER, PRESIDENTE ET DOMINIQUE CHAUDOIN, MEMBRE DE L&rsquo;ASSOCIATION AGIT&rsquo;H\u00c9"},"content":{"rendered":"<p>Lors de la 39\u00e8me Foire Expo de Perpignan, Tiffany Vailier, pr\u00e9sidente, et Dominique Chaudoin, membre de l&rsquo;association artistique Agit&rsquo;H\u00e9, ont partag\u00e9 leurs passions et leurs ambitions lors d&rsquo;une interview r\u00e9alis\u00e9e par Radio Aviva Perpignan.<\/p>\n","protected":false},"author":1,"featured_media":8908,"template":"","tags":[],"podcastfilter":[86,168,134,109,186],"class_list":["post-9180","podcast","type-podcast","status-publish","has-post-thumbnail","hentry","podcastfilter-art","podcastfilter-artiste","podcastfilter-exposition","podcastfilter-perpignan","podcastfilter-pyrenees-orientales-2"],"_links":{"self":[{"href":"https:\/\/radio-aviva.com\/perpignan\/wp-json\/wp\/v2\/podcast\/9180","targetHints":{"allow":["GET"]}}],"collection":[{"href":"https:\/\/radio-aviva.com\/perpignan\/wp-json\/wp\/v2\/podcast"}],"about":[{"href":"https:\/\/radio-aviva.com\/perpignan\/wp-json\/wp\/v2\/types\/podcast"}],"author":[{"embeddable":true,"href":"https:\/\/radio-aviva.com\/perpignan\/wp-json\/wp\/v2\/users\/1"}],"version-history":[{"count":1,"href":"https:\/\/radio-aviva.com\/perpignan\/wp-json\/wp\/v2\/podcast\/9180\/revisions"}],"predecessor-version":[{"id":9181,"href":"https:\/\/radio-aviva.com\/perpignan\/wp-json\/wp\/v2\/podcast\/9180\/revisions\/9181"}],"wp:featuredmedia":[{"embeddable":true,"href":"https:\/\/radio-aviva.com\/perpignan\/wp-json\/wp\/v2\/media\/8908"}],"wp:attachment":[{"href":"https:\/\/radio-aviva.com\/perpignan\/wp-json\/wp\/v2\/media?parent=9180"}],"wp:term":[{"taxonomy":"post_tag","embeddable":true,"href":"https:\/\/radio-aviva.com\/perpignan\/wp-json\/wp\/v2\/tags?post=9180"},{"taxonomy":"podcastfilter","embeddable":true,"href":"https:\/\/radio-aviva.com\/perpignan\/wp-json\/wp\/v2\/podcastfilter?post=9180"}],"curies":[{"name":"wp","href":"https:\/\/api.w.org\/{rel}","templated":true}]}}

39 ÈME FOIREXPO DE PERPIGNAN – TIFFANY VAILIER, PRESIDENTE ET DOMINIQUE CHAUDOIN, MEMBRE DE L&rsquo;ASSOCIATION AGIT&rsquo;HÉ

<p>Lors de la 39ème Foire Expo de Perpignan, Tiffany Vailier, présidente, et Dominique Chaudoin, membre de l&rsquo;association artistique Agit&rsquo;Hé, ont partagé leurs passions et leurs ambitions lors d&rsquo;une interview réalisée par Radio Aviva Perpignan.</p>
