{"id":9184,"date":"2024-04-12T15:30:03","date_gmt":"2024-04-12T13:30:03","guid":{"rendered":"https:\/\/radio-aviva.com\/perpignan\/?post_type=podcast&#038;p=9184"},"modified":"2024-05-23T15:35:52","modified_gmt":"2024-05-23T13:35:52","slug":"39-eme-foirexpo-de-perpignan-audrey-chauvry-energeticienne","status":"publish","type":"podcast","link":"https:\/\/radio-aviva.com\/perpignan\/podcast\/39-eme-foirexpo-de-perpignan-audrey-chauvry-energeticienne\/","title":{"rendered":"39 \u00c8ME FOIREXPO DE PERPIGNAN \u2013 AUDREY CHAUVRY, ENERGETICIENNE"},"content":{"rendered":"<p>Lors de la 39\u00e8me Foire Expo de Perpignan, Audrey Chauvry, \u00e9nerg\u00e9ticienne, a \u00e9t\u00e9 interview\u00e9e par Radio Aviva Perpignan, o\u00f9 elle a partag\u00e9 son expertise dans les th\u00e9rapies \u00e9nerg\u00e9tiques visant \u00e0 \u00e9quilibrer et harmoniser les \u00e9nergies du corps pour am\u00e9liorer la sant\u00e9 et le bien-\u00eatre.<\/p>\n","protected":false},"author":1,"featured_media":8908,"template":"","tags":[],"podcastfilter":[134,109,186],"class_list":["post-9184","podcast","type-podcast","status-publish","has-post-thumbnail","hentry","podcastfilter-exposition","podcastfilter-perpignan","podcastfilter-pyrenees-orientales-2"],"_links":{"self":[{"href":"https:\/\/radio-aviva.com\/perpignan\/wp-json\/wp\/v2\/podcast\/9184","targetHints":{"allow":["GET"]}}],"collection":[{"href":"https:\/\/radio-aviva.com\/perpignan\/wp-json\/wp\/v2\/podcast"}],"about":[{"href":"https:\/\/radio-aviva.com\/perpignan\/wp-json\/wp\/v2\/types\/podcast"}],"author":[{"embeddable":true,"href":"https:\/\/radio-aviva.com\/perpignan\/wp-json\/wp\/v2\/users\/1"}],"version-history":[{"count":1,"href":"https:\/\/radio-aviva.com\/perpignan\/wp-json\/wp\/v2\/podcast\/9184\/revisions"}],"predecessor-version":[{"id":9185,"href":"https:\/\/radio-aviva.com\/perpignan\/wp-json\/wp\/v2\/podcast\/9184\/revisions\/9185"}],"wp:featuredmedia":[{"embeddable":true,"href":"https:\/\/radio-aviva.com\/perpignan\/wp-json\/wp\/v2\/media\/8908"}],"wp:attachment":[{"href":"https:\/\/radio-aviva.com\/perpignan\/wp-json\/wp\/v2\/media?parent=9184"}],"wp:term":[{"taxonomy":"post_tag","embeddable":true,"href":"https:\/\/radio-aviva.com\/perpignan\/wp-json\/wp\/v2\/tags?post=9184"},{"taxonomy":"podcastfilter","embeddable":true,"href":"https:\/\/radio-aviva.com\/perpignan\/wp-json\/wp\/v2\/podcastfilter?post=9184"}],"curies":[{"name":"wp","href":"https:\/\/api.w.org\/{rel}","templated":true}]}}

39 ÈME FOIREXPO DE PERPIGNAN – AUDREY CHAUVRY, ENERGETICIENNE

<p>Lors de la 39ème Foire Expo de Perpignan, Audrey Chauvry, énergéticienne, a été interviewée par Radio Aviva Perpignan, où elle a partagé son expertise dans les thérapies énergétiques visant à équilibrer et harmoniser les énergies du corps pour améliorer la santé et le bien-être.</p>
