{"id":9186,"date":"2024-05-24T11:07:43","date_gmt":"2024-05-24T09:07:43","guid":{"rendered":"https:\/\/radio-aviva.com\/perpignan\/?post_type=podcast&#038;p=9186"},"modified":"2024-05-24T11:11:02","modified_gmt":"2024-05-24T09:11:02","slug":"claire-sarda-verges-directrice-deurope-direct-pyrenees","status":"publish","type":"podcast","link":"https:\/\/radio-aviva.com\/perpignan\/podcast\/claire-sarda-verges-directrice-deurope-direct-pyrenees\/","title":{"rendered":"CLAIRE SARDA-VERGES, DIRECTRICE D&rsquo;EUROPE DIRECT PYR\u00c9N\u00c9ES"},"content":{"rendered":"<p>Claire Sarda-Verges, directrice d&rsquo;Europe Direct Pyr\u00e9n\u00e9es, a \u00e9t\u00e9 interview\u00e9e par Radio Aviva Perpignan. Elle a parl\u00e9 de l&rsquo;importance de l&rsquo;Europe dans le quotidien, en rappelant que les \u00e9lections europ\u00e9ennes auront lieu le 9 juin prochain.<\/p>\n","protected":false},"author":1,"featured_media":9187,"template":"","tags":[],"podcastfilter":[179,135],"class_list":["post-9186","podcast","type-podcast","status-publish","has-post-thumbnail","hentry","podcastfilter-europe","podcastfilter-linvite-de-la-redaction"],"_links":{"self":[{"href":"https:\/\/radio-aviva.com\/perpignan\/wp-json\/wp\/v2\/podcast\/9186","targetHints":{"allow":["GET"]}}],"collection":[{"href":"https:\/\/radio-aviva.com\/perpignan\/wp-json\/wp\/v2\/podcast"}],"about":[{"href":"https:\/\/radio-aviva.com\/perpignan\/wp-json\/wp\/v2\/types\/podcast"}],"author":[{"embeddable":true,"href":"https:\/\/radio-aviva.com\/perpignan\/wp-json\/wp\/v2\/users\/1"}],"version-history":[{"count":2,"href":"https:\/\/radio-aviva.com\/perpignan\/wp-json\/wp\/v2\/podcast\/9186\/revisions"}],"predecessor-version":[{"id":9190,"href":"https:\/\/radio-aviva.com\/perpignan\/wp-json\/wp\/v2\/podcast\/9186\/revisions\/9190"}],"wp:featuredmedia":[{"embeddable":true,"href":"https:\/\/radio-aviva.com\/perpignan\/wp-json\/wp\/v2\/media\/9187"}],"wp:attachment":[{"href":"https:\/\/radio-aviva.com\/perpignan\/wp-json\/wp\/v2\/media?parent=9186"}],"wp:term":[{"taxonomy":"post_tag","embeddable":true,"href":"https:\/\/radio-aviva.com\/perpignan\/wp-json\/wp\/v2\/tags?post=9186"},{"taxonomy":"podcastfilter","embeddable":true,"href":"https:\/\/radio-aviva.com\/perpignan\/wp-json\/wp\/v2\/podcastfilter?post=9186"}],"curies":[{"name":"wp","href":"https:\/\/api.w.org\/{rel}","templated":true}]}}

CLAIRE SARDA-VERGES, DIRECTRICE D&rsquo;EUROPE DIRECT PYRÉNÉES

<p>Claire Sarda-Verges, directrice d&rsquo;Europe Direct Pyrénées, a été interviewée par Radio Aviva Perpignan. Elle a parlé de l&rsquo;importance de l&rsquo;Europe dans le quotidien, en rappelant que les élections européennes auront lieu le 9 juin prochain.</p>
