{"id":9191,"date":"2024-05-24T11:15:52","date_gmt":"2024-05-24T09:15:52","guid":{"rendered":"https:\/\/radio-aviva.com\/perpignan\/?post_type=podcast&#038;p=9191"},"modified":"2024-05-24T11:20:42","modified_gmt":"2024-05-24T09:20:42","slug":"que-fait-leurope-pour-les-agriculteurs-claire-sarda-verges-directrice-deurope-direct-pyrenees","status":"publish","type":"podcast","link":"https:\/\/radio-aviva.com\/perpignan\/podcast\/que-fait-leurope-pour-les-agriculteurs-claire-sarda-verges-directrice-deurope-direct-pyrenees\/","title":{"rendered":"QUE FAIT L&rsquo;EUROPE POUR LES AGRICULTEURS &#8211; CLAIRE SARDA-VERGES, DIRECTRICE D&rsquo;EUROPE DIRECT PYR\u00c9N\u00c9ES"},"content":{"rendered":"<p>Claire Sarda-Verg\u00e8s, directrice Europe Direct Pyr\u00e9n\u00e9es, \u00e9voque le r\u00f4le de l&rsquo;Europe aupr\u00e8s des agriculteurs au micro de Radio Aviva Perpignan<\/p>\n","protected":false},"author":1,"featured_media":9187,"template":"","tags":[],"podcastfilter":[179,135],"class_list":["post-9191","podcast","type-podcast","status-publish","has-post-thumbnail","hentry","podcastfilter-europe","podcastfilter-linvite-de-la-redaction"],"_links":{"self":[{"href":"https:\/\/radio-aviva.com\/perpignan\/wp-json\/wp\/v2\/podcast\/9191","targetHints":{"allow":["GET"]}}],"collection":[{"href":"https:\/\/radio-aviva.com\/perpignan\/wp-json\/wp\/v2\/podcast"}],"about":[{"href":"https:\/\/radio-aviva.com\/perpignan\/wp-json\/wp\/v2\/types\/podcast"}],"author":[{"embeddable":true,"href":"https:\/\/radio-aviva.com\/perpignan\/wp-json\/wp\/v2\/users\/1"}],"version-history":[{"count":1,"href":"https:\/\/radio-aviva.com\/perpignan\/wp-json\/wp\/v2\/podcast\/9191\/revisions"}],"predecessor-version":[{"id":9192,"href":"https:\/\/radio-aviva.com\/perpignan\/wp-json\/wp\/v2\/podcast\/9191\/revisions\/9192"}],"wp:featuredmedia":[{"embeddable":true,"href":"https:\/\/radio-aviva.com\/perpignan\/wp-json\/wp\/v2\/media\/9187"}],"wp:attachment":[{"href":"https:\/\/radio-aviva.com\/perpignan\/wp-json\/wp\/v2\/media?parent=9191"}],"wp:term":[{"taxonomy":"post_tag","embeddable":true,"href":"https:\/\/radio-aviva.com\/perpignan\/wp-json\/wp\/v2\/tags?post=9191"},{"taxonomy":"podcastfilter","embeddable":true,"href":"https:\/\/radio-aviva.com\/perpignan\/wp-json\/wp\/v2\/podcastfilter?post=9191"}],"curies":[{"name":"wp","href":"https:\/\/api.w.org\/{rel}","templated":true}]}}

QUE FAIT L&rsquo;EUROPE POUR LES AGRICULTEURS &#8211; CLAIRE SARDA-VERGES, DIRECTRICE D&rsquo;EUROPE DIRECT PYRÉNÉES

<p>Claire Sarda-Vergès, directrice Europe Direct Pyrénées, évoque le rôle de l&rsquo;Europe auprès des agriculteurs au micro de Radio Aviva Perpignan</p>
