{"id":9199,"date":"2024-05-24T11:46:00","date_gmt":"2024-05-24T09:46:00","guid":{"rendered":"https:\/\/radio-aviva.com\/perpignan\/?post_type=podcast&#038;p=9199"},"modified":"2024-05-24T11:47:09","modified_gmt":"2024-05-24T09:47:09","slug":"festival-confrontation-dorothee-berthomieu-chargee-de-communication-a-linstitut-jean-vigo","status":"publish","type":"podcast","link":"https:\/\/radio-aviva.com\/perpignan\/podcast\/festival-confrontation-dorothee-berthomieu-chargee-de-communication-a-linstitut-jean-vigo\/","title":{"rendered":"FESTIVAL CONFRONTATION &#8211; DOROTH\u00c9E BERTHOMIEU, CHARG\u00c9E DE COMMUNICATION DE L&rsquo;INSTITUT JEAN VIGO"},"content":{"rendered":"<p>Doroth\u00e9e Berthomieu, charg\u00e9e de communication de l&rsquo;Institut Jean Vigo, a \u00e9t\u00e9 interview\u00e9e par Radio Aviva Perpignan pour pr\u00e9senter le festival Confrontation et son programme.<\/p>\n","protected":false},"author":1,"featured_media":9200,"template":"","tags":[],"podcastfilter":[128,167,286,145,109,186],"class_list":["post-9199","podcast","type-podcast","status-publish","has-post-thumbnail","hentry","podcastfilter-cinema","podcastfilter-festival","podcastfilter-institution","podcastfilter-mag-de-la-redac","podcastfilter-perpignan","podcastfilter-pyrenees-orientales-2"],"_links":{"self":[{"href":"https:\/\/radio-aviva.com\/perpignan\/wp-json\/wp\/v2\/podcast\/9199","targetHints":{"allow":["GET"]}}],"collection":[{"href":"https:\/\/radio-aviva.com\/perpignan\/wp-json\/wp\/v2\/podcast"}],"about":[{"href":"https:\/\/radio-aviva.com\/perpignan\/wp-json\/wp\/v2\/types\/podcast"}],"author":[{"embeddable":true,"href":"https:\/\/radio-aviva.com\/perpignan\/wp-json\/wp\/v2\/users\/1"}],"version-history":[{"count":4,"href":"https:\/\/radio-aviva.com\/perpignan\/wp-json\/wp\/v2\/podcast\/9199\/revisions"}],"predecessor-version":[{"id":9204,"href":"https:\/\/radio-aviva.com\/perpignan\/wp-json\/wp\/v2\/podcast\/9199\/revisions\/9204"}],"wp:featuredmedia":[{"embeddable":true,"href":"https:\/\/radio-aviva.com\/perpignan\/wp-json\/wp\/v2\/media\/9200"}],"wp:attachment":[{"href":"https:\/\/radio-aviva.com\/perpignan\/wp-json\/wp\/v2\/media?parent=9199"}],"wp:term":[{"taxonomy":"post_tag","embeddable":true,"href":"https:\/\/radio-aviva.com\/perpignan\/wp-json\/wp\/v2\/tags?post=9199"},{"taxonomy":"podcastfilter","embeddable":true,"href":"https:\/\/radio-aviva.com\/perpignan\/wp-json\/wp\/v2\/podcastfilter?post=9199"}],"curies":[{"name":"wp","href":"https:\/\/api.w.org\/{rel}","templated":true}]}}

FESTIVAL CONFRONTATION &#8211; DOROTHÉE BERTHOMIEU, CHARGÉE DE COMMUNICATION DE L&rsquo;INSTITUT JEAN VIGO

<p>Dorothée Berthomieu, chargée de communication de l&rsquo;Institut Jean Vigo, a été interviewée par Radio Aviva Perpignan pour présenter le festival Confrontation et son programme.</p>
