{"id":9213,"date":"2024-04-13T10:00:39","date_gmt":"2024-04-13T08:00:39","guid":{"rendered":"https:\/\/radio-aviva.com\/perpignan\/?post_type=podcast&#038;p=9213"},"modified":"2024-05-29T11:29:18","modified_gmt":"2024-05-29T09:29:18","slug":"39-eme-foirexpo-de-perpignan-anthony-et-wilfried-ahunon-munoz-coureur-mini-moto-gp-et-entrepreuneur","status":"publish","type":"podcast","link":"https:\/\/radio-aviva.com\/perpignan\/podcast\/39-eme-foirexpo-de-perpignan-anthony-et-wilfried-ahunon-munoz-coureur-mini-moto-gp-et-entrepreuneur\/","title":{"rendered":"39 \u00c8ME FOIREXPO DE PERPIGNAN \u2013 WILFRIED AHUNON MUNOZ, COUREUR MINI MOTO GP ET ENTREPREUNEUR"},"content":{"rendered":"<p>Radio Aviva a rencontr\u00e9 Anthony et Wilfried Ahunon Munoz lors de la 39\u00e8me Foire Expo de Perpignan. Anthony et Wilfried, p\u00e8re et fils, partagent une passion commune pour la moto. Wilfried est coureur de mini moto GP, tandis qu&rsquo;Anthony et lui sont \u00e9galement entrepreneurs.<\/p>\n","protected":false},"author":1,"featured_media":8908,"template":"","tags":[],"podcastfilter":[109,180,278,188,232],"class_list":["post-9213","podcast","type-podcast","status-publish","has-post-thumbnail","hentry","podcastfilter-perpignan","podcastfilter-pyrenees-orientales","podcastfilter-rencontre","podcastfilter-sport","podcastfilter-tournoi"],"_links":{"self":[{"href":"https:\/\/radio-aviva.com\/perpignan\/wp-json\/wp\/v2\/podcast\/9213","targetHints":{"allow":["GET"]}}],"collection":[{"href":"https:\/\/radio-aviva.com\/perpignan\/wp-json\/wp\/v2\/podcast"}],"about":[{"href":"https:\/\/radio-aviva.com\/perpignan\/wp-json\/wp\/v2\/types\/podcast"}],"author":[{"embeddable":true,"href":"https:\/\/radio-aviva.com\/perpignan\/wp-json\/wp\/v2\/users\/1"}],"version-history":[{"count":3,"href":"https:\/\/radio-aviva.com\/perpignan\/wp-json\/wp\/v2\/podcast\/9213\/revisions"}],"predecessor-version":[{"id":9262,"href":"https:\/\/radio-aviva.com\/perpignan\/wp-json\/wp\/v2\/podcast\/9213\/revisions\/9262"}],"wp:featuredmedia":[{"embeddable":true,"href":"https:\/\/radio-aviva.com\/perpignan\/wp-json\/wp\/v2\/media\/8908"}],"wp:attachment":[{"href":"https:\/\/radio-aviva.com\/perpignan\/wp-json\/wp\/v2\/media?parent=9213"}],"wp:term":[{"taxonomy":"post_tag","embeddable":true,"href":"https:\/\/radio-aviva.com\/perpignan\/wp-json\/wp\/v2\/tags?post=9213"},{"taxonomy":"podcastfilter","embeddable":true,"href":"https:\/\/radio-aviva.com\/perpignan\/wp-json\/wp\/v2\/podcastfilter?post=9213"}],"curies":[{"name":"wp","href":"https:\/\/api.w.org\/{rel}","templated":true}]}}

39 ÈME FOIREXPO DE PERPIGNAN – WILFRIED AHUNON MUNOZ, COUREUR MINI MOTO GP ET ENTREPREUNEUR

<p>Radio Aviva a rencontré Anthony et Wilfried Ahunon Munoz lors de la 39ème Foire Expo de Perpignan. Anthony et Wilfried, père et fils, partagent une passion commune pour la moto. Wilfried est coureur de mini moto GP, tandis qu&rsquo;Anthony et lui sont également entrepreneurs.</p>
