{"id":9215,"date":"2024-04-13T10:20:10","date_gmt":"2024-04-13T08:20:10","guid":{"rendered":"https:\/\/radio-aviva.com\/perpignan\/?post_type=podcast&#038;p=9215"},"modified":"2024-05-29T11:27:58","modified_gmt":"2024-05-29T09:27:58","slug":"39-eme-foirexpo-de-perpignan-david-tranchecoste-adjoint-au-maire-de-perpignan","status":"publish","type":"podcast","link":"https:\/\/radio-aviva.com\/perpignan\/podcast\/39-eme-foirexpo-de-perpignan-david-tranchecoste-adjoint-au-maire-de-perpignan\/","title":{"rendered":"39 \u00c8ME FOIREXPO DE PERPIGNAN \u2013 DAVID TRANCHECOSTE, ADJOINT AU MAIRE DE PERPIGNAN"},"content":{"rendered":"<p>David Tranchecoste, adjoint au territoire Nord de Perpignan, a \u00e9t\u00e9 interview\u00e9 au micro de Radio Aviva lors de la 39\u00e8me Foire Expo de Perpignan : d\u00e9veloppement communal, initiatives \u00e9conomiques et actions sociales men\u00e9es par la mairie de Perpignan.<\/p>\n","protected":false},"author":1,"featured_media":8908,"template":"","tags":[],"podcastfilter":[164,134,109,186],"class_list":["post-9215","podcast","type-podcast","status-publish","has-post-thumbnail","hentry","podcastfilter-economie","podcastfilter-exposition","podcastfilter-perpignan","podcastfilter-pyrenees-orientales-2"],"_links":{"self":[{"href":"https:\/\/radio-aviva.com\/perpignan\/wp-json\/wp\/v2\/podcast\/9215","targetHints":{"allow":["GET"]}}],"collection":[{"href":"https:\/\/radio-aviva.com\/perpignan\/wp-json\/wp\/v2\/podcast"}],"about":[{"href":"https:\/\/radio-aviva.com\/perpignan\/wp-json\/wp\/v2\/types\/podcast"}],"author":[{"embeddable":true,"href":"https:\/\/radio-aviva.com\/perpignan\/wp-json\/wp\/v2\/users\/1"}],"version-history":[{"count":4,"href":"https:\/\/radio-aviva.com\/perpignan\/wp-json\/wp\/v2\/podcast\/9215\/revisions"}],"predecessor-version":[{"id":9259,"href":"https:\/\/radio-aviva.com\/perpignan\/wp-json\/wp\/v2\/podcast\/9215\/revisions\/9259"}],"wp:featuredmedia":[{"embeddable":true,"href":"https:\/\/radio-aviva.com\/perpignan\/wp-json\/wp\/v2\/media\/8908"}],"wp:attachment":[{"href":"https:\/\/radio-aviva.com\/perpignan\/wp-json\/wp\/v2\/media?parent=9215"}],"wp:term":[{"taxonomy":"post_tag","embeddable":true,"href":"https:\/\/radio-aviva.com\/perpignan\/wp-json\/wp\/v2\/tags?post=9215"},{"taxonomy":"podcastfilter","embeddable":true,"href":"https:\/\/radio-aviva.com\/perpignan\/wp-json\/wp\/v2\/podcastfilter?post=9215"}],"curies":[{"name":"wp","href":"https:\/\/api.w.org\/{rel}","templated":true}]}}

39 ÈME FOIREXPO DE PERPIGNAN – DAVID TRANCHECOSTE, ADJOINT AU MAIRE DE PERPIGNAN

<p>David Tranchecoste, adjoint au territoire Nord de Perpignan, a été interviewé au micro de Radio Aviva lors de la 39ème Foire Expo de Perpignan : développement communal, initiatives économiques et actions sociales menées par la mairie de Perpignan.</p>
