{"id":9217,"date":"2024-04-13T10:40:31","date_gmt":"2024-04-13T08:40:31","guid":{"rendered":"https:\/\/radio-aviva.com\/perpignan\/?post_type=podcast&#038;p=9217"},"modified":"2024-05-29T11:22:12","modified_gmt":"2024-05-29T09:22:12","slug":"39-eme-foirexpo-de-perpignan-denis-smondack-artisan-biscuitier-de-croc-daqui","status":"publish","type":"podcast","link":"https:\/\/radio-aviva.com\/perpignan\/podcast\/39-eme-foirexpo-de-perpignan-denis-smondack-artisan-biscuitier-de-croc-daqui\/","title":{"rendered":"39 \u00c8ME FOIREXPO DE PERPIGNAN \u2013 DENIS SMONDACK, ARTISAN BISCUITIER DE CROC D&rsquo;AQUI"},"content":{"rendered":"<p>Lors de la 39\u00e8me Foire Expo de Perpignan, Denis Smondack, artisan biscuitier de Croc d&rsquo;Aqui, a partag\u00e9 au micro de Radio Aviva son amour pour son m\u00e9tier et ses d\u00e9licieuses cr\u00e9ations<\/p>\n","protected":false},"author":1,"featured_media":8908,"template":"","tags":[],"podcastfilter":[164,109,186],"class_list":["post-9217","podcast","type-podcast","status-publish","has-post-thumbnail","hentry","podcastfilter-economie","podcastfilter-perpignan","podcastfilter-pyrenees-orientales-2"],"_links":{"self":[{"href":"https:\/\/radio-aviva.com\/perpignan\/wp-json\/wp\/v2\/podcast\/9217","targetHints":{"allow":["GET"]}}],"collection":[{"href":"https:\/\/radio-aviva.com\/perpignan\/wp-json\/wp\/v2\/podcast"}],"about":[{"href":"https:\/\/radio-aviva.com\/perpignan\/wp-json\/wp\/v2\/types\/podcast"}],"author":[{"embeddable":true,"href":"https:\/\/radio-aviva.com\/perpignan\/wp-json\/wp\/v2\/users\/1"}],"version-history":[{"count":2,"href":"https:\/\/radio-aviva.com\/perpignan\/wp-json\/wp\/v2\/podcast\/9217\/revisions"}],"predecessor-version":[{"id":9254,"href":"https:\/\/radio-aviva.com\/perpignan\/wp-json\/wp\/v2\/podcast\/9217\/revisions\/9254"}],"wp:featuredmedia":[{"embeddable":true,"href":"https:\/\/radio-aviva.com\/perpignan\/wp-json\/wp\/v2\/media\/8908"}],"wp:attachment":[{"href":"https:\/\/radio-aviva.com\/perpignan\/wp-json\/wp\/v2\/media?parent=9217"}],"wp:term":[{"taxonomy":"post_tag","embeddable":true,"href":"https:\/\/radio-aviva.com\/perpignan\/wp-json\/wp\/v2\/tags?post=9217"},{"taxonomy":"podcastfilter","embeddable":true,"href":"https:\/\/radio-aviva.com\/perpignan\/wp-json\/wp\/v2\/podcastfilter?post=9217"}],"curies":[{"name":"wp","href":"https:\/\/api.w.org\/{rel}","templated":true}]}}

39 ÈME FOIREXPO DE PERPIGNAN – DENIS SMONDACK, ARTISAN BISCUITIER DE CROC D&rsquo;AQUI

<p>Lors de la 39ème Foire Expo de Perpignan, Denis Smondack, artisan biscuitier de Croc d&rsquo;Aqui, a partagé au micro de Radio Aviva son amour pour son métier et ses délicieuses créations</p>
