{"id":9263,"date":"2024-05-29T12:40:22","date_gmt":"2024-05-29T10:40:22","guid":{"rendered":"https:\/\/radio-aviva.com\/perpignan\/podcast\/balle-au-tambourin-patrice-charles-pdt-club-notre-dame-de-londres-2\/"},"modified":"2024-05-29T12:40:22","modified_gmt":"2024-05-29T10:40:22","slug":"balle-au-tambourin-patrice-charles-pdt-club-notre-dame-de-londres-2","status":"publish","type":"podcast","link":"https:\/\/radio-aviva.com\/perpignan\/podcast\/balle-au-tambourin-patrice-charles-pdt-club-notre-dame-de-londres-2\/","title":{"rendered":"BALLE AU TAMBOURIN &#8211; PATRICE CHARLES, PDT CLUB NOTRE DAME DE LONDRES"},"content":{"rendered":"\n<p>Dans ce nouvel \u00e9pisode de l&rsquo;invit\u00e9 sportif de ce vendredi 24 mai 2024, Sydney Biton re\u00e7oit Patrice Charles, pr\u00e9sident du club de tambourin Londonien.<\/p>\n","protected":false},"author":1,"featured_media":9264,"template":"","tags":[],"podcastfilter":[87,108,188],"class_list":["post-9263","podcast","type-podcast","status-publish","has-post-thumbnail","hentry","podcastfilter-montpellier","podcastfilter-nimes","podcastfilter-sport"],"_links":{"self":[{"href":"https:\/\/radio-aviva.com\/perpignan\/wp-json\/wp\/v2\/podcast\/9263","targetHints":{"allow":["GET"]}}],"collection":[{"href":"https:\/\/radio-aviva.com\/perpignan\/wp-json\/wp\/v2\/podcast"}],"about":[{"href":"https:\/\/radio-aviva.com\/perpignan\/wp-json\/wp\/v2\/types\/podcast"}],"author":[{"embeddable":true,"href":"https:\/\/radio-aviva.com\/perpignan\/wp-json\/wp\/v2\/users\/1"}],"version-history":[{"count":0,"href":"https:\/\/radio-aviva.com\/perpignan\/wp-json\/wp\/v2\/podcast\/9263\/revisions"}],"wp:featuredmedia":[{"embeddable":true,"href":"https:\/\/radio-aviva.com\/perpignan\/wp-json\/wp\/v2\/media\/9264"}],"wp:attachment":[{"href":"https:\/\/radio-aviva.com\/perpignan\/wp-json\/wp\/v2\/media?parent=9263"}],"wp:term":[{"taxonomy":"post_tag","embeddable":true,"href":"https:\/\/radio-aviva.com\/perpignan\/wp-json\/wp\/v2\/tags?post=9263"},{"taxonomy":"podcastfilter","embeddable":true,"href":"https:\/\/radio-aviva.com\/perpignan\/wp-json\/wp\/v2\/podcastfilter?post=9263"}],"curies":[{"name":"wp","href":"https:\/\/api.w.org\/{rel}","templated":true}]}}

<p>Dans ce nouvel épisode de l&rsquo;invité sportif de ce vendredi 24 mai 2024, Sydney Biton reçoit Patrice Charles, président du club de tambourin Londonien.</p>
