{"id":9274,"date":"2024-04-13T15:40:00","date_gmt":"2024-04-13T13:40:00","guid":{"rendered":"https:\/\/radio-aviva.com\/perpignan\/?post_type=podcast&#038;p=9274"},"modified":"2024-05-30T14:18:30","modified_gmt":"2024-05-30T12:18:30","slug":"39-eme-foirexpo-de-perpignan-vanessa-urnous-et-sabine-schneider-membre-de-lassociation-autisme-66-esperanza","status":"publish","type":"podcast","link":"https:\/\/radio-aviva.com\/perpignan\/podcast\/39-eme-foirexpo-de-perpignan-vanessa-urnous-et-sabine-schneider-membre-de-lassociation-autisme-66-esperanza\/","title":{"rendered":"39 \u00c8ME FOIREXPO DE PERPIGNAN \u2013 VANESSA URNOUS ET SABINE SCHNEIDER, MEMBRES DE L&rsquo;ASSOCIATION AUTISME 66 ESPERANZA"},"content":{"rendered":"\n<p>Pendant la 39\u00e8me Foire Expo de Perpignan, Vanessa Urnous et Sabine Schneider, membres de l&rsquo;association Autisme 66 Esperanza, ont \u00e9t\u00e9 interview\u00e9es par Radio Aviva pour pr\u00e9senter leurs actions de soutien apport\u00e9 par l&rsquo;association aux familles et aux personnes atteintes d&rsquo;autisme.<\/p>\n","protected":false},"author":1,"featured_media":8908,"template":"","tags":[],"podcastfilter":[190,134,152,109,186,259,223,148],"class_list":["post-9274","podcast","type-podcast","status-publish","has-post-thumbnail","hentry","podcastfilter-association","podcastfilter-exposition","podcastfilter-lien-social","podcastfilter-perpignan","podcastfilter-pyrenees-orientales-2","podcastfilter-social","podcastfilter-solidaire","podcastfilter-voix-des-assos"],"_links":{"self":[{"href":"https:\/\/radio-aviva.com\/perpignan\/wp-json\/wp\/v2\/podcast\/9274","targetHints":{"allow":["GET"]}}],"collection":[{"href":"https:\/\/radio-aviva.com\/perpignan\/wp-json\/wp\/v2\/podcast"}],"about":[{"href":"https:\/\/radio-aviva.com\/perpignan\/wp-json\/wp\/v2\/types\/podcast"}],"author":[{"embeddable":true,"href":"https:\/\/radio-aviva.com\/perpignan\/wp-json\/wp\/v2\/users\/1"}],"version-history":[{"count":3,"href":"https:\/\/radio-aviva.com\/perpignan\/wp-json\/wp\/v2\/podcast\/9274\/revisions"}],"predecessor-version":[{"id":9336,"href":"https:\/\/radio-aviva.com\/perpignan\/wp-json\/wp\/v2\/podcast\/9274\/revisions\/9336"}],"wp:featuredmedia":[{"embeddable":true,"href":"https:\/\/radio-aviva.com\/perpignan\/wp-json\/wp\/v2\/media\/8908"}],"wp:attachment":[{"href":"https:\/\/radio-aviva.com\/perpignan\/wp-json\/wp\/v2\/media?parent=9274"}],"wp:term":[{"taxonomy":"post_tag","embeddable":true,"href":"https:\/\/radio-aviva.com\/perpignan\/wp-json\/wp\/v2\/tags?post=9274"},{"taxonomy":"podcastfilter","embeddable":true,"href":"https:\/\/radio-aviva.com\/perpignan\/wp-json\/wp\/v2\/podcastfilter?post=9274"}],"curies":[{"name":"wp","href":"https:\/\/api.w.org\/{rel}","templated":true}]}}

39 ÈME FOIREXPO DE PERPIGNAN – VANESSA URNOUS ET SABINE SCHNEIDER, MEMBRES DE L&rsquo;ASSOCIATION AUTISME 66 ESPERANZA

<p>Pendant la 39ème Foire Expo de Perpignan, Vanessa Urnous et Sabine Schneider, membres de l&rsquo;association Autisme 66 Esperanza, ont été interviewées par Radio Aviva pour présenter leurs actions de soutien apporté par l&rsquo;association aux familles et aux personnes atteintes d&rsquo;autisme.</p>
