{"id":9281,"date":"2024-04-14T10:00:00","date_gmt":"2024-04-14T08:00:00","guid":{"rendered":"https:\/\/radio-aviva.com\/perpignan\/?post_type=podcast&#038;p=9281"},"modified":"2024-05-30T14:08:28","modified_gmt":"2024-05-30T12:08:28","slug":"39-eme-foirexpo-de-perpignan-adelaide-belaidi-coach-et-consultante-en-sommeil-des-enfants","status":"publish","type":"podcast","link":"https:\/\/radio-aviva.com\/perpignan\/podcast\/39-eme-foirexpo-de-perpignan-adelaide-belaidi-coach-et-consultante-en-sommeil-des-enfants\/","title":{"rendered":"39 \u00c8ME FOIREXPO DE PERPIGNAN \u2013 AD\u00c9LA\u00cfDE B\u00c9LAIDI, COACH ET CONSULTANTE EN SOMMEIL DES ENFANTS"},"content":{"rendered":"\n<p>Pendant la 39\u00e8me Foire Expo de Perpignan, Ad\u00e9la\u00efde B\u00e9laidi, coach et consultante en sommeil des enfants, a \u00e9t\u00e9 interview\u00e9e par Radio Aviva pour discuter de ses m\u00e9thodes et conseils pour am\u00e9liorer le sommeil des enfants.<\/p>\n","protected":false},"author":1,"featured_media":8908,"template":"","tags":[],"podcastfilter":[192,282,134,109,186],"class_list":["post-9281","podcast","type-podcast","status-publish","has-post-thumbnail","hentry","podcastfilter-coach","podcastfilter-enfant","podcastfilter-exposition","podcastfilter-perpignan","podcastfilter-pyrenees-orientales-2"],"_links":{"self":[{"href":"https:\/\/radio-aviva.com\/perpignan\/wp-json\/wp\/v2\/podcast\/9281","targetHints":{"allow":["GET"]}}],"collection":[{"href":"https:\/\/radio-aviva.com\/perpignan\/wp-json\/wp\/v2\/podcast"}],"about":[{"href":"https:\/\/radio-aviva.com\/perpignan\/wp-json\/wp\/v2\/types\/podcast"}],"author":[{"embeddable":true,"href":"https:\/\/radio-aviva.com\/perpignan\/wp-json\/wp\/v2\/users\/1"}],"version-history":[{"count":3,"href":"https:\/\/radio-aviva.com\/perpignan\/wp-json\/wp\/v2\/podcast\/9281\/revisions"}],"predecessor-version":[{"id":9328,"href":"https:\/\/radio-aviva.com\/perpignan\/wp-json\/wp\/v2\/podcast\/9281\/revisions\/9328"}],"wp:featuredmedia":[{"embeddable":true,"href":"https:\/\/radio-aviva.com\/perpignan\/wp-json\/wp\/v2\/media\/8908"}],"wp:attachment":[{"href":"https:\/\/radio-aviva.com\/perpignan\/wp-json\/wp\/v2\/media?parent=9281"}],"wp:term":[{"taxonomy":"post_tag","embeddable":true,"href":"https:\/\/radio-aviva.com\/perpignan\/wp-json\/wp\/v2\/tags?post=9281"},{"taxonomy":"podcastfilter","embeddable":true,"href":"https:\/\/radio-aviva.com\/perpignan\/wp-json\/wp\/v2\/podcastfilter?post=9281"}],"curies":[{"name":"wp","href":"https:\/\/api.w.org\/{rel}","templated":true}]}}

39 ÈME FOIREXPO DE PERPIGNAN – ADÉLAÏDE BÉLAIDI, COACH ET CONSULTANTE EN SOMMEIL DES ENFANTS

<p>Pendant la 39ème Foire Expo de Perpignan, Adélaïde Bélaidi, coach et consultante en sommeil des enfants, a été interviewée par Radio Aviva pour discuter de ses méthodes et conseils pour améliorer le sommeil des enfants.</p>
