{"id":9342,"date":"2024-04-14T11:00:00","date_gmt":"2024-04-14T09:00:00","guid":{"rendered":"https:\/\/radio-aviva.com\/perpignan\/?post_type=podcast&#038;p=9342"},"modified":"2024-05-30T14:58:50","modified_gmt":"2024-05-30T12:58:50","slug":"39-eme-foirexpo-de-perpignan-danielle-ferrando-presidente-et-sonia-privat-fondatrice-de-lassociation-asp-lolivier-laccompagnement-au-deuil","status":"publish","type":"podcast","link":"https:\/\/radio-aviva.com\/perpignan\/podcast\/39-eme-foirexpo-de-perpignan-danielle-ferrando-presidente-et-sonia-privat-fondatrice-de-lassociation-asp-lolivier-laccompagnement-au-deuil\/","title":{"rendered":"39 \u00c8ME FOIREXPO DE PERPIGNAN \u2013 DANIELLE FERRANDO, PR\u00c9SIDENTE ET SONIA PRIVAT, FONDATRICE DE L&rsquo;ASSOCIATION ASP L&rsquo;OLIVIER, L&rsquo;ACCOMPAGNEMENT AU DEUIL"},"content":{"rendered":"\n<p>Pendant la 39\u00e8me Foire Expo de Perpignan, Danielle Ferrando, pr\u00e9sidente, et Sonia Privat, fondatrice de l&rsquo;association ASP L&rsquo;Olivier, ont \u00e9t\u00e9 interview\u00e9es par Radio Aviva pour parler du d\u00e9veloppement et de l&rsquo;accompagnement des personnes endeuill\u00e9s.<\/p>\n","protected":false},"author":1,"featured_media":8908,"template":"","tags":[],"podcastfilter":[190,134,109,186,148],"class_list":["post-9342","podcast","type-podcast","status-publish","has-post-thumbnail","hentry","podcastfilter-association","podcastfilter-exposition","podcastfilter-perpignan","podcastfilter-pyrenees-orientales-2","podcastfilter-voix-des-assos"],"_links":{"self":[{"href":"https:\/\/radio-aviva.com\/perpignan\/wp-json\/wp\/v2\/podcast\/9342","targetHints":{"allow":["GET"]}}],"collection":[{"href":"https:\/\/radio-aviva.com\/perpignan\/wp-json\/wp\/v2\/podcast"}],"about":[{"href":"https:\/\/radio-aviva.com\/perpignan\/wp-json\/wp\/v2\/types\/podcast"}],"author":[{"embeddable":true,"href":"https:\/\/radio-aviva.com\/perpignan\/wp-json\/wp\/v2\/users\/1"}],"version-history":[{"count":4,"href":"https:\/\/radio-aviva.com\/perpignan\/wp-json\/wp\/v2\/podcast\/9342\/revisions"}],"predecessor-version":[{"id":9358,"href":"https:\/\/radio-aviva.com\/perpignan\/wp-json\/wp\/v2\/podcast\/9342\/revisions\/9358"}],"wp:featuredmedia":[{"embeddable":true,"href":"https:\/\/radio-aviva.com\/perpignan\/wp-json\/wp\/v2\/media\/8908"}],"wp:attachment":[{"href":"https:\/\/radio-aviva.com\/perpignan\/wp-json\/wp\/v2\/media?parent=9342"}],"wp:term":[{"taxonomy":"post_tag","embeddable":true,"href":"https:\/\/radio-aviva.com\/perpignan\/wp-json\/wp\/v2\/tags?post=9342"},{"taxonomy":"podcastfilter","embeddable":true,"href":"https:\/\/radio-aviva.com\/perpignan\/wp-json\/wp\/v2\/podcastfilter?post=9342"}],"curies":[{"name":"wp","href":"https:\/\/api.w.org\/{rel}","templated":true}]}}

39 ÈME FOIREXPO DE PERPIGNAN – DANIELLE FERRANDO, PRÉSIDENTE ET SONIA PRIVAT, FONDATRICE DE L&rsquo;ASSOCIATION ASP L&rsquo;OLIVIER, L&rsquo;ACCOMPAGNEMENT AU DEUIL

<p>Pendant la 39ème Foire Expo de Perpignan, Danielle Ferrando, présidente, et Sonia Privat, fondatrice de l&rsquo;association ASP L&rsquo;Olivier, ont été interviewées par Radio Aviva pour parler du développement et de l&rsquo;accompagnement des personnes endeuillés.</p>
